{"id":17668,"date":"2023-01-04T16:12:29","date_gmt":"2023-01-04T16:12:29","guid":{"rendered":"https:\/\/www.uprrp.edu\/archivouniversitario\/?page_id=17668"},"modified":"2023-01-11T17:12:27","modified_gmt":"2023-01-11T17:12:27","slug":"economia","status":"publish","type":"page","link":"https:\/\/www.uprrp.edu\/archivouniversitario\/proyectos\/proyecto-de-academicas-y-figuras-destacadas-de-la-universidad-de-puerto-rico\/economia\/","title":{"rendered":"Econom\u00eda"},"content":{"rendered":"\t\t<div data-elementor-type=\"wp-page\" data-elementor-id=\"17668\" class=\"elementor elementor-17668\">\n\t\t\t\t\t\t<section class=\"elementor-section elementor-top-section elementor-element elementor-element-4d149c33 elementor-section-boxed elementor-section-height-default elementor-section-height-default\" data-id=\"4d149c33\" data-element_type=\"section\" data-e-type=\"section\">\n\t\t\t\t\t\t<div class=\"elementor-container elementor-column-gap-default\">\n\t\t\t\t\t<div class=\"elementor-column elementor-col-100 elementor-top-column elementor-element elementor-element-35d592fb\" data-id=\"35d592fb\" data-element_type=\"column\" data-e-type=\"column\">\n\t\t\t<div class=\"elementor-widget-wrap elementor-element-populated\">\n\t\t\t\t\t\t<div class=\"elementor-element elementor-element-892072b elementor-arrows-position-inside elementor-pagination-position-outside elementor-widget elementor-widget-image-carousel\" data-id=\"892072b\" data-element_type=\"widget\" data-e-type=\"widget\" data-settings=\"{&quot;slides_to_show&quot;:&quot;1&quot;,&quot;navigation&quot;:&quot;both&quot;,&quot;autoplay&quot;:&quot;yes&quot;,&quot;pause_on_hover&quot;:&quot;yes&quot;,&quot;pause_on_interaction&quot;:&quot;yes&quot;,&quot;autoplay_speed&quot;:5000,&quot;infinite&quot;:&quot;yes&quot;,&quot;effect&quot;:&quot;slide&quot;,&quot;speed&quot;:500}\" data-widget_type=\"image-carousel.default\">\n\t\t\t\t<div class=\"elementor-widget-container\">\n\t\t\t\t\t\t\t<div class=\"elementor-image-carousel-wrapper swiper\" role=\"region\" aria-roledescription=\"carousel\" aria-label=\"Image Carousel\" dir=\"ltr\">\n\t\t\t<div class=\"elementor-image-carousel swiper-wrapper\" aria-live=\"off\">\n\t\t\t\t\t\t\t\t<div class=\"swiper-slide\" role=\"group\" aria-roledescription=\"slide\" aria-label=\"1 of 1\"><figure class=\"swiper-slide-inner\"><img decoding=\"async\" class=\"swiper-slide-image\" src=\"https:\/\/www.uprrp.edu\/archivouniversitario\/wp-content\/uploads\/sites\/21\/2023\/01\/Torruellas-Luz-M-1941-276x300.jpg\" alt=\"Luz M. Torruellas\" \/><\/figure><\/div>\t\t\t<\/div>\n\t\t\t\t\t<\/div>\n\t\t\t\t\t\t<\/div>\n\t\t\t\t<\/div>\n\t\t\t\t<div class=\"elementor-element elementor-element-761b1ab4 elementor-widget elementor-widget-text-editor\" data-id=\"761b1ab4\" data-element_type=\"widget\" data-e-type=\"widget\" data-widget_type=\"text-editor.default\">\n\t\t\t\t<div class=\"elementor-widget-container\">\n\t\t\t\t\t\t\t\t\t<h3 style=\"text-align: center\"><a href=\"https:\/\/www.uprrp.edu\/archivouniversitario\/wp-content\/uploads\/sites\/21\/2023\/01\/Torruellas-Luz-M-1941.jpg\">Luz M. Torruellas<\/a><\/h3><p style=\"text-align: center\"><strong>Investigaciones en Econom\u00eda<\/strong><br \/><strong><em>Profesora Em\u00e9ritus<\/em><\/strong><\/p><p>Luz Mar\u00eda Concepci\u00f3n Torruellas Correa, nace en el 1921 en Santurce, Puerto Rico. Fue Catedr\u00e1tica en el Departamento de Econom\u00eda Graduado de la Facultad de Ciencias Sociales. Comenz\u00f3 en la Universidad de Puerto Rico el 9 de octubre de 1944 como Instructora de Pedagog\u00eda y Maestra de la Escuela Intermedia de la Facultad de Pedagog\u00eda. Antes de comenzar en la Universidad de Puerto Rico, trabaj\u00f3 como maestra de escuela elemental en Ciencias y Matem\u00e1ticas en los pueblos de Cayey, Naranjito y R\u00edo Grande, durante los a\u00f1os 1941 al 1944, fue Principal de Escuela en R\u00edo Grande y Naranjito. En el a\u00f1o acad\u00e9mico 1944-45, fue Instructora de Econom\u00eda Dom\u00e9stica y supervisora de Pr\u00e1ctica en la Escuela Elemental de la Facultad de Pedagog\u00eda.<\/p><p>Luz M. Torruellas obtiene su diploma en educaci\u00f3n, con honores, de la Escuela Normal de la Universidad de Puerto Rico en el 1939 y un bachillerato en educaci\u00f3n con un \u201cMajor in History\u201d, con altos honores de la misma universidad en 1941. En 1947 culmin\u00f3 su grado de \u201cMaster\u201d en Radcliffe College, Harvard University y en 1950, logra su t\u00edtulo de doctora, de la misma universidad, con su tesis \u201cThe United States Commercial Policy Towards Puerto Rico\u201d. Adem\u00e1s de sus compromisos de c\u00e1tedra, fue una conferenciante activa y dict\u00f3 cursos de Econom\u00eda en el Instituto de Relaciones del Trabajo, en la Facultad de Ciencias Sociales de la Universidad de Puerto Rico y en la Divisi\u00f3n de Extensi\u00f3n de la misma universidad. Fue consultora de Econom\u00eda en la Divisi\u00f3n de Econom\u00eda de la Junta de Planes (Junta de Planificaci\u00f3n) del Gobierno de Puerto Rico. En 1953, comenz\u00f3 en \u201cManpower Resources Project\u201d como \u201cAssistant Director\u201d en el Centro de Investigaciones Sociales por encima de su tarea acad\u00e9mica regular y para esa mismo fecha public\u00f3 \u201cPuerto Rico y su Comercio Exterior\u201d en el Almanaque Agr\u00edcola de Puerto Rico. Para finales de la d\u00e9cada del 50 se convierte en Directora Auxiliar del Proyecto de Recursos Humanos; tambi\u00e9n es nombrada Ayudante del Decano de la Facultad de Ciencias Sociales.<\/p><p>En el 1958 se convierte en directora del Departamento de Econom\u00eda Graduado de la Facultad de Ciencias Sociales. Dentro de sus m\u00faltiples funciones trabaj\u00f3 con la coordinaci\u00f3n de los Programas de Bachillerado de Econom\u00eda. Prest\u00f3 servicios en el Programa de Entretenimiento de Voluntarios del Cuerpo de Paz. Durante el a\u00f1o acad\u00e9mico 1962-63, fue nombrada directora de los departamentos de Econom\u00eda, Graduado y de Bachillerato. Mantuvo siempre su entusiasmo a trav\u00e9s de conferencias, como la que ofreci\u00f3 para el Programa de Formaci\u00f3n de Obreros del Instituto de Relaciones del Trabajo titulada, \u201cProblemas de Desarrollo Econ\u00f3mico\u201d, el 28 de noviembre de 1962. Dict\u00f3 la conferencia, \u201cEducaci\u00f3n Norteamericana\u201d, en el Instituto de Ciencias Sociales el 24 de febrero de 1964. Ofreci\u00f3 adem\u00e1s conferencias a participantes del Instituto Pedag\u00f3gico para Educadores Latinoamericanos. Realiz\u00f3 una investigaci\u00f3n relacionada a la Planificaci\u00f3n de la Econom\u00eda en la Am\u00e9rica Latina, en septiembre de 1966 a enero de 1967, auspiciada por la \u201cFord Foundation\u201d. De 1967 al 1970, dirigi\u00f3 el Estudio de Necesidades Ocupacionales T\u00e9cnicas y Diestras en el Centro de Investigaciones Sociales. Fue tutora en Econom\u00eda del Programa de Honor del Departamento de Econom\u00eda.<\/p><p>En 1967, ces\u00f3 sus funciones como directora del Departamento de Econom\u00eda, continuando en la c\u00e1tedra y en la importante tarea de la Evaluaci\u00f3n de Curr\u00edculo del Departamento de Econom\u00eda. Robert W. Anderson, decano del Colegio de Ciencias Sociales en carta del 12 de enero de 1967, escribi\u00f3: \u201ctus a\u00f1os de servicio en la direcci\u00f3n han formado una base s\u00f3lida y honrosa para el continuo progreso y adelanto de los estudios de la Econom\u00eda en esta Universidad\u201d.<\/p><p>Sus conferencias fueron en la Escuela Superior Ram\u00f3n Vila Mayo, \u201cLa Tierra como Factor Econ\u00f3mico en Puerto Rico\u201d; en la Asociaci\u00f3n de Mujeres de Administraci\u00f3n P\u00fablica, \u201cForo P\u00fablico sobre la Econom\u00eda de Puerto Rico; en el Instituto de Relaciones del Trabajo, \u201cAspectos de la Econom\u00eda en Puerto Rico\u201d; \u201cLa Econom\u00eda de Puerto Rico\u201d en la Facultad de Estudios Generales con Carlos Marx, Economista y Soci\u00f3logo\u201d (investigaci\u00f3n), entre otras. En 1972 escribi\u00f3 un art\u00edculo titulado \u201cNecesidades presentes y futuras de Recursos Humanos en Ocupaciones t\u00e9cnicas\u201d. Obtuvo una sab\u00e1tica del 1972 al 1973 para examinar estructuras de programas doctorales y observar programas en acci\u00f3n en Universidades de Estados Unidos; para estudiar progresos y problemas de la planificaci\u00f3n y preparar para publicaci\u00f3n un volumen sobre \u201cLa base legal de la Planificaci\u00f3n Econ\u00f3mica en Am\u00e9rica Latina\u201d.<\/p><p>Entre sus tantos haberes, fue presidenta de la Asociaci\u00f3n Puertorrique\u00f1a de Econom\u00eda y tambi\u00e9n fue parte de la Asociaci\u00f3n Americana de Estad\u00edstica. En 1977 renuncia para acogerse a la jubilaci\u00f3n. El 6 de mayo de 1983, en una Sesi\u00f3n Acad\u00e9mica especial celebrada en el Teatro de la Universidad de Puerto Rico, se le otorg\u00f3 la distinci\u00f3n acad\u00e9mica de Profesora Em\u00e9ritus. (Circular N\u00fam. 49, A\u00f1o 1982-83, Oficina del Rector).<\/p>\t\t\t\t\t\t\t\t<\/div>\n\t\t\t\t<\/div>\n\t\t\t\t\t<\/div>\n\t\t<\/div>\n\t\t\t\t\t<\/div>\n\t\t<\/section>\n\t\t\t\t<\/div>\n\t\t","protected":false},"excerpt":{"rendered":"<p>\/*! elementor &#8211; v3.9.2 &#8211; 21-12-2022 *\/ .elementor-widget-image-carousel .swiper-container{position:static}.elementor-widget-image-carousel .swiper-container .swiper-slide figure{line-height:inherit}.elementor-widget-image-carousel .swiper-slide{text-align:center}.elementor-image-carousel-wrapper:not(.swiper-container-initialized) .swiper-slide{max-width:calc(100% \/ var(&#8211;e-image-carousel-slides-to-show, 3))} Luz M. Torruellas Investigaciones en Econom\u00edaProfesora Em\u00e9ritus Luz Mar\u00eda Concepci\u00f3n Torruellas Correa, nace en el 1921 en Santurce, Puerto Rico. Fue Catedr\u00e1tica en &hellip; <\/p>\n","protected":false},"author":43,"featured_media":0,"parent":16990,"menu_order":0,"comment_status":"closed","ping_status":"closed","template":"","meta":{"_monsterinsights_skip_tracking":false,"_monsterinsights_sitenote_active":false,"_monsterinsights_sitenote_note":"","_monsterinsights_sitenote_category":0,"_FSMCFIC_featured_image_caption":"","_FSMCFIC_featured_image_nocaption":"","_FSMCFIC_featured_image_hide":"","footnotes":""},"class_list":["post-17668","page","type-page","status-publish","hentry"],"_links":{"self":[{"href":"https:\/\/www.uprrp.edu\/archivouniversitario\/wp-json\/wp\/v2\/pages\/17668","targetHints":{"allow":["GET"]}}],"collection":[{"href":"https:\/\/www.uprrp.edu\/archivouniversitario\/wp-json\/wp\/v2\/pages"}],"about":[{"href":"https:\/\/www.uprrp.edu\/archivouniversitario\/wp-json\/wp\/v2\/types\/page"}],"author":[{"embeddable":true,"href":"https:\/\/www.uprrp.edu\/archivouniversitario\/wp-json\/wp\/v2\/users\/43"}],"replies":[{"embeddable":true,"href":"https:\/\/www.uprrp.edu\/archivouniversitario\/wp-json\/wp\/v2\/comments?post=17668"}],"version-history":[{"count":4,"href":"https:\/\/www.uprrp.edu\/archivouniversitario\/wp-json\/wp\/v2\/pages\/17668\/revisions"}],"predecessor-version":[{"id":17950,"href":"https:\/\/www.uprrp.edu\/archivouniversitario\/wp-json\/wp\/v2\/pages\/17668\/revisions\/17950"}],"up":[{"embeddable":true,"href":"https:\/\/www.uprrp.edu\/archivouniversitario\/wp-json\/wp\/v2\/pages\/16990"}],"wp:attachment":[{"href":"https:\/\/www.uprrp.edu\/archivouniversitario\/wp-json\/wp\/v2\/media?parent=17668"}],"curies":[{"name":"wp","href":"https:\/\/api.w.org\/{rel}","templated":true}]}}