{"id":18041,"date":"2023-01-13T16:20:30","date_gmt":"2023-01-13T16:20:30","guid":{"rendered":"https:\/\/www.uprrp.edu\/archivouniversitario\/?page_id=18041"},"modified":"2023-01-13T18:22:20","modified_gmt":"2023-01-13T18:22:20","slug":"distinciones-academicas","status":"publish","type":"page","link":"https:\/\/www.uprrp.edu\/archivouniversitario\/archivo-historico\/colecciones\/distinciones-academicas\/","title":{"rendered":"Serie Documental 512.2 Distinciones Acad\u00e9micas"},"content":{"rendered":"\t\t<div data-elementor-type=\"wp-page\" data-elementor-id=\"18041\" class=\"elementor elementor-18041\">\n\t\t\t\t\t\t<section class=\"elementor-section elementor-top-section elementor-element elementor-element-3bb1c47c elementor-section-boxed elementor-section-height-default elementor-section-height-default\" data-id=\"3bb1c47c\" data-element_type=\"section\" data-e-type=\"section\">\n\t\t\t\t\t\t<div class=\"elementor-container elementor-column-gap-default\">\n\t\t\t\t\t<div class=\"elementor-column elementor-col-100 elementor-top-column elementor-element elementor-element-5d5e275f\" data-id=\"5d5e275f\" data-element_type=\"column\" data-e-type=\"column\">\n\t\t\t<div class=\"elementor-widget-wrap elementor-element-populated\">\n\t\t\t\t\t\t<div class=\"elementor-element elementor-element-c61b92f elementor-widget elementor-widget-video\" data-id=\"c61b92f\" data-element_type=\"widget\" data-e-type=\"widget\" data-settings=\"{&quot;youtube_url&quot;:&quot;https:\\\/\\\/youtu.be\\\/qNlRvD6P-xM&quot;,&quot;video_type&quot;:&quot;youtube&quot;,&quot;controls&quot;:&quot;yes&quot;}\" data-widget_type=\"video.default\">\n\t\t\t\t<div class=\"elementor-widget-container\">\n\t\t\t\t\t\t\t<div class=\"elementor-wrapper elementor-open-inline\">\n\t\t\t<div class=\"elementor-video\"><\/div>\t\t<\/div>\n\t\t\t\t\t\t<\/div>\n\t\t\t\t<\/div>\n\t\t\t\t<div class=\"elementor-element elementor-element-5db36c1f elementor-widget elementor-widget-text-editor\" data-id=\"5db36c1f\" data-element_type=\"widget\" data-e-type=\"widget\" data-widget_type=\"text-editor.default\">\n\t\t\t\t<div class=\"elementor-widget-container\">\n\t\t\t\t\t\t\t\t\t<h3><strong>Distinciones Acad\u00e9micas<\/strong><\/h3><p>La primera ceremonia de distinciones acad\u00e9micas en el Recinto de R\u00edo Piedras fue celebrada en el a\u00f1o 1968. Fueron reconocidos los profesores Santos P. Adadeo y Guaroa V\u00e1zquez de la Escuela de Derecho; Adela Clark y Lidio Cruz Monclova , de la Facultad de Humanidades, y Julio Garc\u00eda D\u00edaz de la Facultad de Ciencias Naturales.<\/p><h3>Profesor Distinguido<\/h3><p>Ser\u00e1 el t\u00edtulo de m\u00e1xima honra que la Universidad<br \/>otorgar\u00e1 a profesores\/as cuya tarea durante su servicio docente haya resultado en obra de m\u00e9rito reconocido, que hayan demostrado durante su servicio dedicaci\u00f3n a las aulas y a la obra creadora, y cuya vida sea lustre de la Universidad. Al profeso\/a que se le confiera este t\u00edtulo honor\u00edfico se le eximir\u00e1 de todas las tareas universitarias ordinarias y se le permitir\u00e1seleccionar, en consulta con la autoridad nominadora, la labor que deber\u00e1 realizar en cada curso<br \/>acad\u00e9mico.<\/p><h3><strong>Profesor Emeritus<\/strong><\/h3><p>Distinci\u00f3n acad\u00e9mica que otorga la Junta de S\u00edndicos de la Universidad de Puerto Rico a a quellos profesores cuya trayectoria acad\u00e9mica e investigativa lo haga merecedor de tan grande reconocimiento. Los profesores tienen que haber cesado el servicio activo en la Universidad.<\/p><h3><strong>Doctor Honoris Causa<\/strong><\/h3><p>Grado excepcional que se otorga a claustrales o a ciudadanos particulares por sus contribuciones al desarrollo de las Ciencias o de las Artes o de cualquier otra manifestaci\u00f3n del saber humano. Los requisitos para obtener esta distinci\u00f3n son:<\/p><ol><li>Servicio distinguido en alguna funci\u00f3n que haya resultado en una contribuci\u00f3n ordinaria a su comunidad o en beneficio de la humanidad.<\/li><li>Dedicaci\u00f3n de su vida en forma excepcional a un prop\u00f3sito o causa de m\u00e9rito elevado.<\/li><li>Alto grado de excelencia en su profesi\u00f3n o labor<\/li><li>Aceptaci\u00f3n en vida de la distinci\u00f3n.<\/li><\/ol>\t\t\t\t\t\t\t\t<\/div>\n\t\t\t\t<\/div>\n\t\t\t\t\t<\/div>\n\t\t<\/div>\n\t\t\t\t\t<\/div>\n\t\t<\/section>\n\t\t\t\t<\/div>\n\t\t","protected":false},"excerpt":{"rendered":"<p>Distinciones Acad\u00e9micas La primera ceremonia de distinciones acad\u00e9micas en el Recinto de R\u00edo Piedras fue celebrada en el a\u00f1o 1968. Fueron reconocidos los profesores Santos P. Adadeo y Guaroa V\u00e1zquez de la Escuela de Derecho; Adela Clark y Lidio Cruz &hellip; <\/p>\n","protected":false},"author":43,"featured_media":0,"parent":17485,"menu_order":0,"comment_status":"closed","ping_status":"closed","template":"","meta":{"_monsterinsights_skip_tracking":false,"_monsterinsights_sitenote_active":false,"_monsterinsights_sitenote_note":"","_monsterinsights_sitenote_category":0,"_FSMCFIC_featured_image_caption":"","_FSMCFIC_featured_image_nocaption":"","_FSMCFIC_featured_image_hide":"","footnotes":""},"class_list":["post-18041","page","type-page","status-publish","hentry"],"_links":{"self":[{"href":"https:\/\/www.uprrp.edu\/archivouniversitario\/wp-json\/wp\/v2\/pages\/18041","targetHints":{"allow":["GET"]}}],"collection":[{"href":"https:\/\/www.uprrp.edu\/archivouniversitario\/wp-json\/wp\/v2\/pages"}],"about":[{"href":"https:\/\/www.uprrp.edu\/archivouniversitario\/wp-json\/wp\/v2\/types\/page"}],"author":[{"embeddable":true,"href":"https:\/\/www.uprrp.edu\/archivouniversitario\/wp-json\/wp\/v2\/users\/43"}],"replies":[{"embeddable":true,"href":"https:\/\/www.uprrp.edu\/archivouniversitario\/wp-json\/wp\/v2\/comments?post=18041"}],"version-history":[{"count":13,"href":"https:\/\/www.uprrp.edu\/archivouniversitario\/wp-json\/wp\/v2\/pages\/18041\/revisions"}],"predecessor-version":[{"id":18060,"href":"https:\/\/www.uprrp.edu\/archivouniversitario\/wp-json\/wp\/v2\/pages\/18041\/revisions\/18060"}],"up":[{"embeddable":true,"href":"https:\/\/www.uprrp.edu\/archivouniversitario\/wp-json\/wp\/v2\/pages\/17485"}],"wp:attachment":[{"href":"https:\/\/www.uprrp.edu\/archivouniversitario\/wp-json\/wp\/v2\/media?parent=18041"}],"curies":[{"name":"wp","href":"https:\/\/api.w.org\/{rel}","templated":true}]}}