{"id":18151,"date":"2023-01-18T15:41:42","date_gmt":"2023-01-18T15:41:42","guid":{"rendered":"https:\/\/www.uprrp.edu\/archivouniversitario\/?page_id=18151"},"modified":"2023-01-18T18:38:16","modified_gmt":"2023-01-18T18:38:16","slug":"facultad-de-ciencias-naturales","status":"publish","type":"page","link":"https:\/\/www.uprrp.edu\/archivouniversitario\/archivo-historico\/colecciones\/distinciones-academicas\/facultad-de-ciencias-naturales\/","title":{"rendered":"Facultad de Ciencias Naturales"},"content":{"rendered":"\t\t<div data-elementor-type=\"wp-page\" data-elementor-id=\"18151\" class=\"elementor elementor-18151\">\n\t\t\t\t\t\t<section class=\"elementor-section elementor-top-section elementor-element elementor-element-43f2aa0 elementor-section-boxed elementor-section-height-default elementor-section-height-default\" data-id=\"43f2aa0\" data-element_type=\"section\" data-e-type=\"section\">\n\t\t\t\t\t\t<div class=\"elementor-container elementor-column-gap-default\">\n\t\t\t\t\t<div class=\"elementor-column elementor-col-50 elementor-top-column elementor-element elementor-element-9528375\" data-id=\"9528375\" data-element_type=\"column\" data-e-type=\"column\">\n\t\t\t<div class=\"elementor-widget-wrap elementor-element-populated\">\n\t\t\t\t\t\t<div class=\"elementor-element elementor-element-c85bd0e elementor-widget thim-counters-box\" data-id=\"c85bd0e\" data-element_type=\"widget\" data-e-type=\"widget\" data-widget_type=\"thim-counters-box.default\">\n\t\t\t\t<div class=\"elementor-widget-container\">\n\t\t\t\t\t<div class=\"counter-box home-page counter-icon-inherit\"><div class=\"content-box-percentage\"><div class=\"wrap-percentage\">\n\t\t\t\t\t<div class=\"display-percentage\" data-percentage=\"6\">6<\/div><div class=\"text_number\">Acad\u00e9micas<\/div><\/div><div class=\"counter-content-container\"><\/div><\/div><\/div>\t\t\t\t<\/div>\n\t\t\t\t<\/div>\n\t\t\t\t\t<\/div>\n\t\t<\/div>\n\t\t\t\t<div class=\"elementor-column elementor-col-50 elementor-top-column elementor-element elementor-element-4cbb5c1\" data-id=\"4cbb5c1\" data-element_type=\"column\" data-e-type=\"column\">\n\t\t\t<div class=\"elementor-widget-wrap elementor-element-populated\">\n\t\t\t\t\t\t<div class=\"elementor-element elementor-element-68cf126 elementor-widget thim-counters-box\" data-id=\"68cf126\" data-element_type=\"widget\" data-e-type=\"widget\" data-widget_type=\"thim-counters-box.default\">\n\t\t\t\t<div class=\"elementor-widget-container\">\n\t\t\t\t\t<div class=\"counter-box home-page counter-icon-inherit\"><div class=\"content-box-percentage\"><div class=\"wrap-percentage\">\n\t\t\t\t\t<div class=\"display-percentage\" data-percentage=\"17\">17<\/div><div class=\"text_number\">Acad\u00e9micos<\/div><\/div><div class=\"counter-content-container\"><\/div><\/div><\/div>\t\t\t\t<\/div>\n\t\t\t\t<\/div>\n\t\t\t\t\t<\/div>\n\t\t<\/div>\n\t\t\t\t\t<\/div>\n\t\t<\/section>\n\t\t\t\t<section class=\"elementor-section elementor-top-section elementor-element elementor-element-3acfdc88 elementor-section-boxed elementor-section-height-default elementor-section-height-default\" data-id=\"3acfdc88\" data-element_type=\"section\" data-e-type=\"section\">\n\t\t\t\t\t\t<div class=\"elementor-container elementor-column-gap-default\">\n\t\t\t\t\t<div class=\"elementor-column elementor-col-100 elementor-top-column elementor-element elementor-element-1416f9c6\" data-id=\"1416f9c6\" data-element_type=\"column\" data-e-type=\"column\">\n\t\t\t<div class=\"elementor-widget-wrap elementor-element-populated\">\n\t\t\t\t\t\t<div class=\"elementor-element elementor-element-c7506b3 elementor-widget elementor-widget-heading\" data-id=\"c7506b3\" data-element_type=\"widget\" data-e-type=\"widget\" data-widget_type=\"heading.default\">\n\t\t\t\t<div class=\"elementor-widget-container\">\n\t\t\t\t\t<h2 class=\"elementor-heading-title elementor-size-large\">Profesor Em\u00e9ritus<\/h2>\t\t\t\t<\/div>\n\t\t\t\t<\/div>\n\t\t\t\t<section class=\"elementor-section elementor-inner-section elementor-element elementor-element-2be2556 elementor-section-boxed elementor-section-height-default elementor-section-height-default\" data-id=\"2be2556\" data-element_type=\"section\" data-e-type=\"section\">\n\t\t\t\t\t\t<div class=\"elementor-container elementor-column-gap-default\">\n\t\t\t\t\t<div class=\"elementor-column elementor-col-50 elementor-inner-column elementor-element elementor-element-8537dfd\" data-id=\"8537dfd\" data-element_type=\"column\" data-e-type=\"column\">\n\t\t\t<div class=\"elementor-widget-wrap elementor-element-populated\">\n\t\t\t\t\t\t<div class=\"elementor-element elementor-element-2b86af4 elementor-widget elementor-widget-text-editor\" data-id=\"2b86af4\" data-element_type=\"widget\" data-e-type=\"widget\" data-widget_type=\"text-editor.default\">\n\t\t\t\t<div class=\"elementor-widget-container\">\n\t\t\t\t\t\t\t\t\t<p>Aboy Ferrer de Bus\u00f3, Hilda\u00a0 (1973-74)<\/p><p>Adam Leder, Waldemar (2006-07)<\/p><p>Aponte Torres, Gladys (2022-03)<\/p><p>Blum, Lesser (2006-07<\/p><p>Candelas Reyes, Gustavo (1997-98)<\/p><p>Curet, Juan Daniel (1980-81)<\/p><p>Del Rosario, Leticia (1973-74)<\/p><p>D\u00edaz Collazo, Ana M. (1970-71)<\/p><p>Garc\u00eda Ben\u00edtez, Carlos (1973-74)<\/p><p>Garc\u00eda D\u00edaz, Julio (1969-70 y 1968-69)<\/p><p>Garc\u00eda Ben\u00edtez, Carlos (1973-74)<\/p><p>Garc\u00eda D\u00edaz, Julio (1969-70 y 1968-69)<\/p>\t\t\t\t\t\t\t\t<\/div>\n\t\t\t\t<\/div>\n\t\t\t\t\t<\/div>\n\t\t<\/div>\n\t\t\t\t<div class=\"elementor-column elementor-col-50 elementor-inner-column elementor-element elementor-element-cdfbb01\" data-id=\"cdfbb01\" data-element_type=\"column\" data-e-type=\"column\">\n\t\t\t<div class=\"elementor-widget-wrap elementor-element-populated\">\n\t\t\t\t\t\t<div class=\"elementor-element elementor-element-3936530 elementor-widget elementor-widget-text-editor\" data-id=\"3936530\" data-element_type=\"widget\" data-e-type=\"widget\" data-widget_type=\"text-editor.default\">\n\t\t\t\t<div class=\"elementor-widget-container\">\n\t\t\t\t\t\t\t\t\t<p>\u00a0<\/p><p>Garc\u00eda Mor\u00edn, Manuel (1997-98)<\/p><p>Garriga Rodr\u00edguez, Francisco (1979-80)<\/p><p>Laborde, Pedro (1980-81)<\/p><p>Ortiz Ruiz, Evelina (1983-84)<\/p><p>Quir\u00f3s M\u00e9ndez, Ra\u00fal (1973-74)<\/p><p>Ram\u00edrez Torres Osvaldo (1970-71)<\/p><p>Rodr\u00edguez, N\u00e9stor (1983-84)<\/p><p>Rosado Alberio, Jaime (1993-94)<\/p><p>V\u00e9lez, Manuel (1997-98)<\/p><p>Weisz, Zvi (2003-04)<\/p><p>Woodbury, Roy (1983-84)<\/p><div>\u00a0<\/div>\t\t\t\t\t\t\t\t<\/div>\n\t\t\t\t<\/div>\n\t\t\t\t\t<\/div>\n\t\t<\/div>\n\t\t\t\t\t<\/div>\n\t\t<\/section>\n\t\t\t\t<div class=\"elementor-element elementor-element-285ce885 elementor-widget elementor-widget-text-editor\" data-id=\"285ce885\" data-element_type=\"widget\" data-e-type=\"widget\" data-widget_type=\"text-editor.default\">\n\t\t\t\t<div class=\"elementor-widget-container\">\n\t\t\t\t\t\t\t\t\t<h3>Profesor Honoris Causa<\/h3><div>Hoffman, Roald (1982-83)<\/div><div>\u00a0<\/div><h3>Profesor Distinguido<\/h3><div>Candelas, Graciela Profesora Distinguida 2003-04<\/div>\t\t\t\t\t\t\t\t<\/div>\n\t\t\t\t<\/div>\n\t\t\t\t\t<\/div>\n\t\t<\/div>\n\t\t\t\t\t<\/div>\n\t\t<\/section>\n\t\t\t\t<\/div>\n\t\t","protected":false},"excerpt":{"rendered":"<p>6Acad\u00e9micas 17Acad\u00e9micos \/*! elementor &#8211; v3.10.0 &#8211; 09-01-2023 *\/ .elementor-heading-title{padding:0;margin:0;line-height:1}.elementor-widget-heading .elementor-heading-title[class*=elementor-size-]&gt;a{color:inherit;font-size:inherit;line-height:inherit}.elementor-widget-heading .elementor-heading-title.elementor-size-small{font-size:15px}.elementor-widget-heading .elementor-heading-title.elementor-size-medium{font-size:19px}.elementor-widget-heading .elementor-heading-title.elementor-size-large{font-size:29px}.elementor-widget-heading .elementor-heading-title.elementor-size-xl{font-size:39px}.elementor-widget-heading .elementor-heading-title.elementor-size-xxl{font-size:59px} Profesor Em\u00e9ritus Aboy Ferrer de Bus\u00f3, Hilda\u00a0 (1973-74) Adam Leder, Waldemar (2006-07) Aponte Torres, Gladys (2022-03) Blum, Lesser (2006-07 Candelas Reyes, Gustavo (1997-98) Curet, &hellip; <\/p>\n","protected":false},"author":43,"featured_media":0,"parent":18041,"menu_order":0,"comment_status":"closed","ping_status":"closed","template":"","meta":{"_monsterinsights_skip_tracking":false,"_monsterinsights_sitenote_active":false,"_monsterinsights_sitenote_note":"","_monsterinsights_sitenote_category":0,"_FSMCFIC_featured_image_caption":"","_FSMCFIC_featured_image_nocaption":"","_FSMCFIC_featured_image_hide":"","footnotes":""},"class_list":["post-18151","page","type-page","status-publish","hentry"],"_links":{"self":[{"href":"https:\/\/www.uprrp.edu\/archivouniversitario\/wp-json\/wp\/v2\/pages\/18151","targetHints":{"allow":["GET"]}}],"collection":[{"href":"https:\/\/www.uprrp.edu\/archivouniversitario\/wp-json\/wp\/v2\/pages"}],"about":[{"href":"https:\/\/www.uprrp.edu\/archivouniversitario\/wp-json\/wp\/v2\/types\/page"}],"author":[{"embeddable":true,"href":"https:\/\/www.uprrp.edu\/archivouniversitario\/wp-json\/wp\/v2\/users\/43"}],"replies":[{"embeddable":true,"href":"https:\/\/www.uprrp.edu\/archivouniversitario\/wp-json\/wp\/v2\/comments?post=18151"}],"version-history":[{"count":16,"href":"https:\/\/www.uprrp.edu\/archivouniversitario\/wp-json\/wp\/v2\/pages\/18151\/revisions"}],"predecessor-version":[{"id":18219,"href":"https:\/\/www.uprrp.edu\/archivouniversitario\/wp-json\/wp\/v2\/pages\/18151\/revisions\/18219"}],"up":[{"embeddable":true,"href":"https:\/\/www.uprrp.edu\/archivouniversitario\/wp-json\/wp\/v2\/pages\/18041"}],"wp:attachment":[{"href":"https:\/\/www.uprrp.edu\/archivouniversitario\/wp-json\/wp\/v2\/media?parent=18151"}],"curies":[{"name":"wp","href":"https:\/\/api.w.org\/{rel}","templated":true}]}}

<div data-elementor-type="wp-page" data-elementor-id="18151" class="elementor elementor-18151">
						<section class="elementor-section elementor-top-section elementor-element elementor-element-43f2aa0 elementor-section-boxed elementor-section-height-default elementor-section-height-default" data-id="43f2aa0" data-element_type="section" data-e-type="section">
						<div class="elementor-container elementor-column-gap-default">
					<div class="elementor-column elementor-col-50 elementor-top-column elementor-element elementor-element-9528375" data-id="9528375" data-element_type="column" data-e-type="column">
			<div class="elementor-widget-wrap elementor-element-populated">
						<div class="elementor-element elementor-element-c85bd0e elementor-widget thim-counters-box" data-id="c85bd0e" data-element_type="widget" data-e-type="widget" data-widget_type="thim-counters-box.default">
				<div class="elementor-widget-container">
					<div class="counter-box home-page counter-icon-inherit"><div class="content-box-percentage"><div class="wrap-percentage">
					<div class="display-percentage" data-percentage="6">6</div><div class="text_number">Académicas</div></div><div class="counter-content-container"></div></div></div>				</div>
				</div>
					</div>
		</div>
				<div class="elementor-column elementor-col-50 elementor-top-column elementor-element elementor-element-4cbb5c1" data-id="4cbb5c1" data-element_type="column" data-e-type="column">
			<div class="elementor-widget-wrap elementor-element-populated">
						<div class="elementor-element elementor-element-68cf126 elementor-widget thim-counters-box" data-id="68cf126" data-element_type="widget" data-e-type="widget" data-widget_type="thim-counters-box.default">
				<div class="elementor-widget-container">
					<div class="counter-box home-page counter-icon-inherit"><div class="content-box-percentage"><div class="wrap-percentage">
					<div class="display-percentage" data-percentage="17">17</div><div class="text_number">Académicos</div></div><div class="counter-content-container"></div></div></div>				</div>
				</div>
					</div>
		</div>
					</div>
		</section>
				<section class="elementor-section elementor-top-section elementor-element elementor-element-3acfdc88 elementor-section-boxed elementor-section-height-default elementor-section-height-default" data-id="3acfdc88" data-element_type="section" data-e-type="section">
						<div class="elementor-container elementor-column-gap-default">
					<div class="elementor-column elementor-col-100 elementor-top-column elementor-element elementor-element-1416f9c6" data-id="1416f9c6" data-element_type="column" data-e-type="column">
			<div class="elementor-widget-wrap elementor-element-populated">
						<div class="elementor-element elementor-element-c7506b3 elementor-widget elementor-widget-heading" data-id="c7506b3" data-element_type="widget" data-e-type="widget" data-widget_type="heading.default">
				<div class="elementor-widget-container">
					<h2 class="elementor-heading-title elementor-size-large">Profesor Eméritus</h2>				</div>
				</div>
				<section class="elementor-section elementor-inner-section elementor-element elementor-element-2be2556 elementor-section-boxed elementor-section-height-default elementor-section-height-default" data-id="2be2556" data-element_type="section" data-e-type="section">
						<div class="elementor-container elementor-column-gap-default">
					<div class="elementor-column elementor-col-50 elementor-inner-column elementor-element elementor-element-8537dfd" data-id="8537dfd" data-element_type="column" data-e-type="column">
			<div class="elementor-widget-wrap elementor-element-populated">
						<div class="elementor-element elementor-element-2b86af4 elementor-widget elementor-widget-text-editor" data-id="2b86af4" data-element_type="widget" data-e-type="widget" data-widget_type="text-editor.default">
				<div class="elementor-widget-container">
									<p>Aboy Ferrer de Busó, Hilda  (1973-74)</p><p>Adam Leder, Waldemar (2006-07)</p><p>Aponte Torres, Gladys (2022-03)</p><p>Blum, Lesser (2006-07</p><p>Candelas Reyes, Gustavo (1997-98)</p><p>Curet, Juan Daniel (1980-81)</p><p>Del Rosario, Leticia (1973-74)</p><p>Díaz Collazo, Ana M. (1970-71)</p><p>García Benítez, Carlos (1973-74)</p><p>García Díaz, Julio (1969-70 y 1968-69)</p><p>García Benítez, Carlos (1973-74)</p><p>García Díaz, Julio (1969-70 y 1968-69)</p>								</div>
				</div>
					</div>
		</div>
				<div class="elementor-column elementor-col-50 elementor-inner-column elementor-element elementor-element-cdfbb01" data-id="cdfbb01" data-element_type="column" data-e-type="column">
			<div class="elementor-widget-wrap elementor-element-populated">
						<div class="elementor-element elementor-element-3936530 elementor-widget elementor-widget-text-editor" data-id="3936530" data-element_type="widget" data-e-type="widget" data-widget_type="text-editor.default">
				<div class="elementor-widget-container">
									<p> </p><p>García Morín, Manuel (1997-98)</p><p>Garriga Rodríguez, Francisco (1979-80)</p><p>Laborde, Pedro (1980-81)</p><p>Ortiz Ruiz, Evelina (1983-84)</p><p>Quirós Méndez, Raúl (1973-74)</p><p>Ramírez Torres Osvaldo (1970-71)</p><p>Rodríguez, Néstor (1983-84)</p><p>Rosado Alberio, Jaime (1993-94)</p><p>Vélez, Manuel (1997-98)</p><p>Weisz, Zvi (2003-04)</p><p>Woodbury, Roy (1983-84)</p><div> </div>								</div>
				</div>
					</div>
		</div>
					</div>
		</section>
				<div class="elementor-element elementor-element-285ce885 elementor-widget elementor-widget-text-editor" data-id="285ce885" data-element_type="widget" data-e-type="widget" data-widget_type="text-editor.default">
				<div class="elementor-widget-container">
									<h3>Profesor Honoris Causa</h3><div>Hoffman, Roald (1982-83)</div><div> </div><h3>Profesor Distinguido</h3><div>Candelas, Graciela Profesora Distinguida 2003-04</div>								</div>
				</div>
					</div>
		</div>
					</div>
		</section>
				</div>

<p>6Académicas 17Académicos /*! elementor &#8211; v3.10.0 &#8211; 09-01-2023 */ .elementor-heading-title{padding:0;margin:0;line-height:1}.elementor-widget-heading .elementor-heading-title[class*=elementor-size-]&gt;a{color:inherit;font-size:inherit;line-height:inherit}.elementor-widget-heading .elementor-heading-title.elementor-size-small{font-size:15px}.elementor-widget-heading .elementor-heading-title.elementor-size-medium{font-size:19px}.elementor-widget-heading .elementor-heading-title.elementor-size-large{font-size:29px}.elementor-widget-heading .elementor-heading-title.elementor-size-xl{font-size:39px}.elementor-widget-heading .elementor-heading-title.elementor-size-xxl{font-size:59px} Profesor Eméritus Aboy Ferrer de Busó, Hilda  (1973-74) Adam Leder, Waldemar (2006-07) Aponte Torres, Gladys (2022-03) Blum, Lesser (2006-07 Candelas Reyes, Gustavo (1997-98) Curet, &hellip; </p>
