{"id":18158,"date":"2023-01-18T15:48:30","date_gmt":"2023-01-18T15:48:30","guid":{"rendered":"https:\/\/www.uprrp.edu\/archivouniversitario\/?page_id=18158"},"modified":"2023-01-18T18:02:37","modified_gmt":"2023-01-18T18:02:37","slug":"profesores-as-emeritus","status":"publish","type":"page","link":"https:\/\/www.uprrp.edu\/archivouniversitario\/archivo-historico\/colecciones\/distinciones-academicas\/facultad-de-ciencias-naturales\/profesores-as-emeritus\/","title":{"rendered":"Profesores Em\u00e9ritus"},"content":{"rendered":"\t\t<div data-elementor-type=\"wp-page\" data-elementor-id=\"18158\" class=\"elementor elementor-18158\">\n\t\t\t\t\t\t<section class=\"elementor-section elementor-top-section elementor-element elementor-element-681e6cd9 elementor-section-boxed elementor-section-height-default elementor-section-height-default\" data-id=\"681e6cd9\" data-element_type=\"section\" data-e-type=\"section\">\n\t\t\t\t\t\t<div class=\"elementor-container elementor-column-gap-default\">\n\t\t\t\t\t<div class=\"elementor-column elementor-col-100 elementor-top-column elementor-element elementor-element-40d35c59\" data-id=\"40d35c59\" data-element_type=\"column\" data-e-type=\"column\">\n\t\t\t<div class=\"elementor-widget-wrap elementor-element-populated\">\n\t\t\t\t\t\t<div class=\"elementor-element elementor-element-1f75c374 elementor-widget elementor-widget-text-editor\" data-id=\"1f75c374\" data-element_type=\"widget\" data-e-type=\"widget\" data-widget_type=\"text-editor.default\">\n\t\t\t\t<div class=\"elementor-widget-container\">\n\t\t\t\t\t\t\t\t\t<h3 style=\"text-align: left\"><a href=\"https:\/\/www.uprrp.edu\/archivouniversitario\/wp-content\/uploads\/sites\/21\/2023\/01\/Del-Rosario-Leticia-1943.jpg\">Leticia del Rosario<\/a><\/h3><p style=\"text-align: left\"><strong>Profesor Em\u00e9ritus 1973-74<\/strong><\/p><p>Certificaci\u00f3n N\u00fam. 93 (1973-74) Consejo de Educaci\u00f3n Superior<\/p><p><strong>Experiencia profesional<\/strong><\/p><p>1935-40\u00a0 Maestra de Escuela Superior (Mayag\u00fcez y San Juan)<\/p><p>1941-47\u00a0 Instructora Facultades de Pedagog\u00eda y Ciencias Naturales en Recinto de R\u00edo Piedras Verano<\/p><p>Verano-1943\u00a0 Instructora, Instituto Polit\u00e9cnico de Puerto Rico en San Germ\u00e1n, (Ahora Universidad Interamericana)<\/p><p>1947-48\u00a0 Catedr\u00e1tica Auxiliar, Facultad de Ciencias Naturales, Recinto de R\u00edo Piedras, Universidad de Puerto Rico.<\/p><p>1948-53\u00a0 Catedr\u00e1tica Asociada, Facultad de Ciencias Naturales, Recinto de R\u00edo Piedras, Universidad de Puerto Rico<\/p><p>1953 hasta el presente Catedr\u00e1tica, Facultad de Ciencias Naturales, Recinto R\u00edo Piedras, Universidad de Puerto Rico<\/p><p>1949-1954\u00a0\u00a0\u00a0\u00a0\u00a0 directora, Departamento de F\u00edsica, Facultad de Ciencias Naturales, Recinto de R\u00edo Piedras, Universidad de Puerto Rico.<\/p><p>1953-64\u00a0 directora del Laboratorio de Rayos C\u00f3smicos, Facultad de Ciencias Naturales, Recinto de R\u00edo Piedras, Universidad de Puerto Rico<\/p><p>1955-56\u00a0 Research Associate, Enrico Fermi Institute of Nuclear Studies, University of Chicago<\/p><p>1953-64\u00a0 directora, Departamento de Ciencias F\u00edsicas, Facultad de Estudios Generales, Recinto de Rio Piedras, Universidad de Puerto Rico.<\/p><p>1970-73\u00a0 Decana de Estudios, Recinto de Rio Piedras, Universidad de Puerto Rico.<\/p><p><em>(Del Curriculum Vitae de La Profesora Leticia del Rosario)<\/em><\/p><h3>\u00a0<\/h3><h3><a href=\"https:\/\/www.uprrp.edu\/archivouniversitario\/wp-content\/uploads\/sites\/21\/2023\/01\/512-D-1-4-1-3.pdf\">Ana M. D\u00edaz Collazo<\/a><\/h3><p><strong>Profesor Em\u00e9ritus 1969-70<\/strong><\/p><p>Certificaci\u00f3n N\u00fam. 78 (1969-70) Consejo de Educaci\u00f3n Superior<\/p><p>Certificaci\u00f3n N\u00fam. 1 (1970-71) Senado Acad\u00e9mico<\/p><p>Que el Senado Acad\u00e9mico del Recinto de R\u00edo Piedras en su reuni\u00f3n ordinaria celebrada el d\u00eda 28 de mayo de 1974, luego de considerar las recomendaciones del comit\u00e9 de distinciones acad\u00e9micas y honor\u00edficas, acord\u00f3 recomendar al Consejo de Educaci\u00f3n Superior que otorgue en la pr\u00f3xima colaci\u00f3n de grados, las distinciones acad\u00e9micas y honor\u00edficas correspondientes a las siguientes personas: <em>Profesor <\/em><em>Emeritus <\/em>A La Profesora Mar\u00eda E D\u00edaz.<\/p><p><strong>Preparaci\u00f3n acad\u00e9mica <\/strong><\/p><p>B.A, College of Sacred Heart, Ohio, 1933<\/p><p>Certificate in Social Work, National Catholic School of Social Service, 1935<\/p><p>M.A., Catholic University of America, 1935<\/p><p>Doctor of Social Work Degree, School of Social Work, University of Pittsburgh, 1955<\/p><p><strong>Experiencia profesional<\/strong><\/p><p>1935-36 Local Supervisor in Public Assistance, Puerto Rico Emergency Relief Administration<\/p><p>1937-40 School Social Worker<\/p><p>1940-44 Medical Social Worker of the Department of Health doing social case work, supervision, both in public health units and hospitals<\/p><p>1944-52 Teaching and field instruction at the School of Social Work, University of Puerto Rico Assistant Professor, University of Puerto Rico, School of Social Work<\/p><p>1952-53\u00a0 While studying at the School of Social Work of the University of Pittsburgh was appointed lecturer to teach one course&#8230; Lecturer University of Pittsburgh, School of Social Work June<\/p><p>1953-59\u00a0 Teaching and field instruction at School of Social Work and teaching in the School of Medicine, part-time appointments respectively with the University of Puerto Rico<\/p><p>1953-60 Associate Professor, School of Social Work, University of Puerto Rico<\/p><p>1959- 74 Teaching and field instruction at the School of Social Work, University of Puerto Rico<\/p><p>1959-60 director of demonstration aspect of a Research and Demonstration Project on Dependent Multiproblem Families under the auspices of the School of Social Work, the Department of Health, and the Federal Social Welfare Administration<\/p><p>1960-69 Liaison person of the Project on Integrative Teaching and learning under the auspices of the Council on Social Work Education<\/p><p>1966-74 Coordinator of Academic Affairs of the School of Social Work of the University of Puerto Rico and President of the Curriculum Committee<\/p><p>Sept. 1969 Member of the Commission on Accreditation of the Council on Social Work Education<\/p><p><em>(Fragmento <\/em><em>Curriculum Vitae, f<\/em><em>otoraf\u00eda tomada de la p\u00e1gina web de la Escuela Graduada de Trabajo Social\u00a0<\/em><em>Beatriz Lassalle, UPR-RP)<\/em><\/p><h3>\u00a0<\/h3><h3><a href=\"https:\/\/www.uprrp.edu\/archivouniversitario\/wp-content\/uploads\/sites\/21\/2023\/01\/Ortiz-Evelina-1940.jpg\">Evelina Ortiz<\/a><\/h3><p><strong>Profesor Em\u00e9ritus 1983-84<\/strong><\/p><p>Certificaci\u00f3n N\u00fam. 144 (1983-84) Consejo de Educaci\u00f3n Superior<\/p><p>Certificaci\u00f3n N\u00fam. 46 (1983-84) Senado Acad\u00e9mico<\/p><p>Que el Senado Acad\u00e9mico, en la reuni\u00f3n ordinaria del 26 de abril de 1984, consider\u00f3 el informe del Comit\u00e9 para recomendar Distinciones Acad\u00e9micas y Honor\u00edficas relacionadas con nominaciones para la distinci\u00f3n de Profesor <em>Emeritus<\/em> a los siguientes universitarios: A la Profesora Evelina Ortiz.<\/p><p>La Dra. Evelina Ortiz es uno de esos miembros del claustro que ha sobresalido en todas las facetas de la vida acad\u00e9mica, tanto en la ense\u00f1anza, como en su labor creadora, como en el servicio rendido a su departamento, su facultad, a la instituci\u00f3n en general y a la comunidad.<\/p><p>La Profesora Ortiz fue invitada a unirse al Departamento de Biolog\u00eda de la Facultad de Ciencias Naturales en 1959. Anteriormente estuvo como investigadora durante ocho a\u00f1os en la Universidad de Chicago, donde recibi\u00f3 su grado de doctor en Filosof\u00eda y Letras con especializaci\u00f3n en Biolog\u00eda.<\/p><p>De 1963 a 1980 la doctora Ortiz dirigi\u00f3 gran acierto y efectividad el Programa Graduado de Biolog\u00eda. La alta calidad acad\u00e9mica que en la actualidad tiene este programa se debe en gran parte a su esfuerzo, dedicaci\u00f3n y sobre todos a altas normas profesionales que ella tiene y exig\u00eda. Para ella nunca existieron obst\u00e1culos que no pudieran vencer, ni l\u00edmite de tiempo o esfuerzo para que el programa alcanzase la calidad que ella deseaba que tuviese.<\/p><p>Desde que se incorpor\u00f3 al Departamento de Biolog\u00eda desarroll\u00f3 un programa de investigaci\u00f3n y sus m\u00e9ritos fueron reconocidos al recibir donativos de los National Institute of Health para auspiciar investigaciones. Estos donativos fueron los primeros donativos de importancia y de un alto grado de discriminaci\u00f3n cualitativa que se recibieron en el Departamento de Biolog\u00eda de una fuente externa.<\/p><p>La labor acad\u00e9mica de la Dra. Ortiz ha sido de un calibre sobresaliente en todas las fases y ha motivado a un sinn\u00famero de estudiantes y colegas a proseguir sus estudios y a seguir su ejemplo de dedicaci\u00f3n. Podemos resumir que la doctora Ortiz es una de las personas m\u00e1s valiosas y m\u00e1s prestigiosas que ha tenido la Facultad de Ciencias Naturales y que ser\u00eda un honor para nuestra universidad tener a la doctora Evelina Ortiz Profesora <em>Emeritus<\/em>.<\/p>\t\t\t\t\t\t\t\t<\/div>\n\t\t\t\t<\/div>\n\t\t\t\t<div class=\"elementor-element elementor-element-e153e19 elementor-arrows-position-inside elementor-pagination-position-outside elementor-widget elementor-widget-image-carousel\" data-id=\"e153e19\" data-element_type=\"widget\" data-e-type=\"widget\" data-settings=\"{&quot;navigation&quot;:&quot;both&quot;,&quot;autoplay&quot;:&quot;yes&quot;,&quot;pause_on_hover&quot;:&quot;yes&quot;,&quot;pause_on_interaction&quot;:&quot;yes&quot;,&quot;autoplay_speed&quot;:5000,&quot;infinite&quot;:&quot;yes&quot;,&quot;speed&quot;:500}\" data-widget_type=\"image-carousel.default\">\n\t\t\t\t<div class=\"elementor-widget-container\">\n\t\t\t\t\t\t\t<div class=\"elementor-image-carousel-wrapper swiper\" role=\"region\" aria-roledescription=\"carousel\" aria-label=\"Image Carousel\" dir=\"ltr\">\n\t\t\t<div class=\"elementor-image-carousel swiper-wrapper\" aria-live=\"off\">\n\t\t\t\t\t\t\t\t<div class=\"swiper-slide\" role=\"group\" aria-roledescription=\"slide\" aria-label=\"1 of 2\"><figure class=\"swiper-slide-inner\"><img decoding=\"async\" class=\"swiper-slide-image\" src=\"https:\/\/www.uprrp.edu\/archivouniversitario\/wp-content\/uploads\/sites\/21\/2023\/01\/Del-Rosario-Leticia-1943-277x300.jpg\" alt=\"Leticia del Rosario\" \/><\/figure><\/div><div class=\"swiper-slide\" role=\"group\" aria-roledescription=\"slide\" aria-label=\"2 of 2\"><figure class=\"swiper-slide-inner\"><img decoding=\"async\" class=\"swiper-slide-image\" src=\"https:\/\/www.uprrp.edu\/archivouniversitario\/wp-content\/uploads\/sites\/21\/2023\/01\/Ortiz-Evelina-1940-202x300.jpg\" alt=\"Evelina Ortiz\" \/><\/figure><\/div>\t\t\t<\/div>\n\t\t\t\t\t\t\t\t\t\t\t\t<div class=\"elementor-swiper-button elementor-swiper-button-prev\" role=\"button\" tabindex=\"0\">\n\t\t\t\t\t\t<svg aria-hidden=\"true\" class=\"e-font-icon-svg e-eicon-chevron-left\" viewBox=\"0 0 1000 1000\" xmlns=\"http:\/\/www.w3.org\/2000\/svg\"><path d=\"M646 125C629 125 613 133 604 142L308 442C296 454 292 471 292 487 292 504 296 521 308 533L604 854C617 867 629 875 646 875 663 875 679 871 692 858 704 846 713 829 713 812 713 796 708 779 692 767L438 487 692 225C700 217 708 204 708 187 708 171 704 154 692 142 675 129 663 125 646 125Z\"><\/path><\/svg>\t\t\t\t\t<\/div>\n\t\t\t\t\t<div class=\"elementor-swiper-button elementor-swiper-button-next\" role=\"button\" tabindex=\"0\">\n\t\t\t\t\t\t<svg aria-hidden=\"true\" class=\"e-font-icon-svg e-eicon-chevron-right\" viewBox=\"0 0 1000 1000\" xmlns=\"http:\/\/www.w3.org\/2000\/svg\"><path d=\"M696 533C708 521 713 504 713 487 713 471 708 454 696 446L400 146C388 133 375 125 354 125 338 125 325 129 313 142 300 154 292 171 292 187 292 204 296 221 308 233L563 492 304 771C292 783 288 800 288 817 288 833 296 850 308 863 321 871 338 875 354 875 371 875 388 867 400 854L696 533Z\"><\/path><\/svg>\t\t\t\t\t<\/div>\n\t\t\t\t\n\t\t\t\t\t\t\t\t\t<div class=\"swiper-pagination\"><\/div>\n\t\t\t\t\t\t\t\t\t<\/div>\n\t\t\t\t\t\t<\/div>\n\t\t\t\t<\/div>\n\t\t\t\t\t<\/div>\n\t\t<\/div>\n\t\t\t\t\t<\/div>\n\t\t<\/section>\n\t\t\t\t<\/div>\n\t\t","protected":false},"excerpt":{"rendered":"<p>Leticia del Rosario Profesor Em\u00e9ritus 1973-74 Certificaci\u00f3n N\u00fam. 93 (1973-74) Consejo de Educaci\u00f3n Superior Experiencia profesional 1935-40\u00a0 Maestra de Escuela Superior (Mayag\u00fcez y San Juan) 1941-47\u00a0 Instructora Facultades de Pedagog\u00eda y Ciencias Naturales en Recinto de R\u00edo Piedras Verano Verano-1943\u00a0 &hellip; <\/p>\n","protected":false},"author":43,"featured_media":0,"parent":18151,"menu_order":0,"comment_status":"closed","ping_status":"closed","template":"","meta":{"_monsterinsights_skip_tracking":false,"_monsterinsights_sitenote_active":false,"_monsterinsights_sitenote_note":"","_monsterinsights_sitenote_category":0,"_FSMCFIC_featured_image_caption":"","_FSMCFIC_featured_image_nocaption":"","_FSMCFIC_featured_image_hide":"","footnotes":""},"class_list":["post-18158","page","type-page","status-publish","hentry"],"_links":{"self":[{"href":"https:\/\/www.uprrp.edu\/archivouniversitario\/wp-json\/wp\/v2\/pages\/18158","targetHints":{"allow":["GET"]}}],"collection":[{"href":"https:\/\/www.uprrp.edu\/archivouniversitario\/wp-json\/wp\/v2\/pages"}],"about":[{"href":"https:\/\/www.uprrp.edu\/archivouniversitario\/wp-json\/wp\/v2\/types\/page"}],"author":[{"embeddable":true,"href":"https:\/\/www.uprrp.edu\/archivouniversitario\/wp-json\/wp\/v2\/users\/43"}],"replies":[{"embeddable":true,"href":"https:\/\/www.uprrp.edu\/archivouniversitario\/wp-json\/wp\/v2\/comments?post=18158"}],"version-history":[{"count":19,"href":"https:\/\/www.uprrp.edu\/archivouniversitario\/wp-json\/wp\/v2\/pages\/18158\/revisions"}],"predecessor-version":[{"id":18202,"href":"https:\/\/www.uprrp.edu\/archivouniversitario\/wp-json\/wp\/v2\/pages\/18158\/revisions\/18202"}],"up":[{"embeddable":true,"href":"https:\/\/www.uprrp.edu\/archivouniversitario\/wp-json\/wp\/v2\/pages\/18151"}],"wp:attachment":[{"href":"https:\/\/www.uprrp.edu\/archivouniversitario\/wp-json\/wp\/v2\/media?parent=18158"}],"curies":[{"name":"wp","href":"https:\/\/api.w.org\/{rel}","templated":true}]}}

Profesores Eméritus

<div data-elementor-type="wp-page" data-elementor-id="18158" class="elementor elementor-18158">
						<section class="elementor-section elementor-top-section elementor-element elementor-element-681e6cd9 elementor-section-boxed elementor-section-height-default elementor-section-height-default" data-id="681e6cd9" data-element_type="section" data-e-type="section">
						<div class="elementor-container elementor-column-gap-default">
					<div class="elementor-column elementor-col-100 elementor-top-column elementor-element elementor-element-40d35c59" data-id="40d35c59" data-element_type="column" data-e-type="column">
			<div class="elementor-widget-wrap elementor-element-populated">
						<div class="elementor-element elementor-element-1f75c374 elementor-widget elementor-widget-text-editor" data-id="1f75c374" data-element_type="widget" data-e-type="widget" data-widget_type="text-editor.default">
				<div class="elementor-widget-container">
									<h3 style="text-align: left"><a href="https://www.uprrp.edu/archivouniversitario/wp-content/uploads/sites/21/2023/01/Del-Rosario-Leticia-1943.jpg">Leticia del Rosario</a></h3><p style="text-align: left"><strong>Profesor Eméritus 1973-74</strong></p><p>Certificación Núm. 93 (1973-74) Consejo de Educación Superior</p><p><strong>Experiencia profesional</strong></p><p>1935-40  Maestra de Escuela Superior (Mayagüez y San Juan)</p><p>1941-47  Instructora Facultades de Pedagogía y Ciencias Naturales en Recinto de Río Piedras Verano</p><p>Verano-1943  Instructora, Instituto Politécnico de Puerto Rico en San Germán, (Ahora Universidad Interamericana)</p><p>1947-48  Catedrática Auxiliar, Facultad de Ciencias Naturales, Recinto de Río Piedras, Universidad de Puerto Rico.</p><p>1948-53  Catedrática Asociada, Facultad de Ciencias Naturales, Recinto de Río Piedras, Universidad de Puerto Rico</p><p>1953 hasta el presente Catedrática, Facultad de Ciencias Naturales, Recinto Río Piedras, Universidad de Puerto Rico</p><p>1949-1954      directora, Departamento de Física, Facultad de Ciencias Naturales, Recinto de Río Piedras, Universidad de Puerto Rico.</p><p>1953-64  directora del Laboratorio de Rayos Cósmicos, Facultad de Ciencias Naturales, Recinto de Río Piedras, Universidad de Puerto Rico</p><p>1955-56  Research Associate, Enrico Fermi Institute of Nuclear Studies, University of Chicago</p><p>1953-64  directora, Departamento de Ciencias Físicas, Facultad de Estudios Generales, Recinto de Rio Piedras, Universidad de Puerto Rico.</p><p>1970-73  Decana de Estudios, Recinto de Rio Piedras, Universidad de Puerto Rico.</p><p><em>(Del Curriculum Vitae de La Profesora Leticia del Rosario)</em></p><h3> </h3><h3><a href="https://www.uprrp.edu/archivouniversitario/wp-content/uploads/sites/21/2023/01/512-D-1-4-1-3.pdf">Ana M. Díaz Collazo</a></h3><p><strong>Profesor Eméritus 1969-70</strong></p><p>Certificación Núm. 78 (1969-70) Consejo de Educación Superior</p><p>Certificación Núm. 1 (1970-71) Senado Académico</p><p>Que el Senado Académico del Recinto de Río Piedras en su reunión ordinaria celebrada el día 28 de mayo de 1974, luego de considerar las recomendaciones del comité de distinciones académicas y honoríficas, acordó recomendar al Consejo de Educación Superior que otorgue en la próxima colación de grados, las distinciones académicas y honoríficas correspondientes a las siguientes personas: <em>Profesor </em><em>Emeritus </em>A La Profesora María E Díaz.</p><p><strong>Preparación académica </strong></p><p>B.A, College of Sacred Heart, Ohio, 1933</p><p>Certificate in Social Work, National Catholic School of Social Service, 1935</p><p>M.A., Catholic University of America, 1935</p><p>Doctor of Social Work Degree, School of Social Work, University of Pittsburgh, 1955</p><p><strong>Experiencia profesional</strong></p><p>1935-36 Local Supervisor in Public Assistance, Puerto Rico Emergency Relief Administration</p><p>1937-40 School Social Worker</p><p>1940-44 Medical Social Worker of the Department of Health doing social case work, supervision, both in public health units and hospitals</p><p>1944-52 Teaching and field instruction at the School of Social Work, University of Puerto Rico Assistant Professor, University of Puerto Rico, School of Social Work</p><p>1952-53  While studying at the School of Social Work of the University of Pittsburgh was appointed lecturer to teach one course&#8230; Lecturer University of Pittsburgh, School of Social Work June</p><p>1953-59  Teaching and field instruction at School of Social Work and teaching in the School of Medicine, part-time appointments respectively with the University of Puerto Rico</p><p>1953-60 Associate Professor, School of Social Work, University of Puerto Rico</p><p>1959- 74 Teaching and field instruction at the School of Social Work, University of Puerto Rico</p><p>1959-60 director of demonstration aspect of a Research and Demonstration Project on Dependent Multiproblem Families under the auspices of the School of Social Work, the Department of Health, and the Federal Social Welfare Administration</p><p>1960-69 Liaison person of the Project on Integrative Teaching and learning under the auspices of the Council on Social Work Education</p><p>1966-74 Coordinator of Academic Affairs of the School of Social Work of the University of Puerto Rico and President of the Curriculum Committee</p><p>Sept. 1969 Member of the Commission on Accreditation of the Council on Social Work Education</p><p><em>(Fragmento </em><em>Curriculum Vitae, f</em><em>otorafía tomada de la página web de la Escuela Graduada de Trabajo Social </em><em>Beatriz Lassalle, UPR-RP)</em></p><h3> </h3><h3><a href="https://www.uprrp.edu/archivouniversitario/wp-content/uploads/sites/21/2023/01/Ortiz-Evelina-1940.jpg">Evelina Ortiz</a></h3><p><strong>Profesor Eméritus 1983-84</strong></p><p>Certificación Núm. 144 (1983-84) Consejo de Educación Superior</p><p>Certificación Núm. 46 (1983-84) Senado Académico</p><p>Que el Senado Académico, en la reunión ordinaria del 26 de abril de 1984, consideró el informe del Comité para recomendar Distinciones Académicas y Honoríficas relacionadas con nominaciones para la distinción de Profesor <em>Emeritus</em> a los siguientes universitarios: A la Profesora Evelina Ortiz.</p><p>La Dra. Evelina Ortiz es uno de esos miembros del claustro que ha sobresalido en todas las facetas de la vida académica, tanto en la enseñanza, como en su labor creadora, como en el servicio rendido a su departamento, su facultad, a la institución en general y a la comunidad.</p><p>La Profesora Ortiz fue invitada a unirse al Departamento de Biología de la Facultad de Ciencias Naturales en 1959. Anteriormente estuvo como investigadora durante ocho años en la Universidad de Chicago, donde recibió su grado de doctor en Filosofía y Letras con especialización en Biología.</p><p>De 1963 a 1980 la doctora Ortiz dirigió gran acierto y efectividad el Programa Graduado de Biología. La alta calidad académica que en la actualidad tiene este programa se debe en gran parte a su esfuerzo, dedicación y sobre todos a altas normas profesionales que ella tiene y exigía. Para ella nunca existieron obstáculos que no pudieran vencer, ni límite de tiempo o esfuerzo para que el programa alcanzase la calidad que ella deseaba que tuviese.</p><p>Desde que se incorporó al Departamento de Biología desarrolló un programa de investigación y sus méritos fueron reconocidos al recibir donativos de los National Institute of Health para auspiciar investigaciones. Estos donativos fueron los primeros donativos de importancia y de un alto grado de discriminación cualitativa que se recibieron en el Departamento de Biología de una fuente externa.</p><p>La labor académica de la Dra. Ortiz ha sido de un calibre sobresaliente en todas las fases y ha motivado a un sinnúmero de estudiantes y colegas a proseguir sus estudios y a seguir su ejemplo de dedicación. Podemos resumir que la doctora Ortiz es una de las personas más valiosas y más prestigiosas que ha tenido la Facultad de Ciencias Naturales y que sería un honor para nuestra universidad tener a la doctora Evelina Ortiz Profesora <em>Emeritus</em>.</p>								</div>
				</div>
				<div class="elementor-element elementor-element-e153e19 elementor-arrows-position-inside elementor-pagination-position-outside elementor-widget elementor-widget-image-carousel" data-id="e153e19" data-element_type="widget" data-e-type="widget" data-settings="{&quot;navigation&quot;:&quot;both&quot;,&quot;autoplay&quot;:&quot;yes&quot;,&quot;pause_on_hover&quot;:&quot;yes&quot;,&quot;pause_on_interaction&quot;:&quot;yes&quot;,&quot;autoplay_speed&quot;:5000,&quot;infinite&quot;:&quot;yes&quot;,&quot;speed&quot;:500}" data-widget_type="image-carousel.default">
				<div class="elementor-widget-container">
							<div class="elementor-image-carousel-wrapper swiper" role="region" aria-roledescription="carousel" aria-label="Image Carousel" dir="ltr">
			<div class="elementor-image-carousel swiper-wrapper" aria-live="off">
								<div class="swiper-slide" role="group" aria-roledescription="slide" aria-label="1 of 2"><figure class="swiper-slide-inner"><img decoding="async" class="swiper-slide-image" src="https://www.uprrp.edu/archivouniversitario/wp-content/uploads/sites/21/2023/01/Del-Rosario-Leticia-1943-277x300.jpg" alt="Leticia del Rosario" /></figure></div><div class="swiper-slide" role="group" aria-roledescription="slide" aria-label="2 of 2"><figure class="swiper-slide-inner"><img decoding="async" class="swiper-slide-image" src="https://www.uprrp.edu/archivouniversitario/wp-content/uploads/sites/21/2023/01/Ortiz-Evelina-1940-202x300.jpg" alt="Evelina Ortiz" /></figure></div>			</div>
												<div class="elementor-swiper-button elementor-swiper-button-prev" role="button" tabindex="0">
						<svg aria-hidden="true" class="e-font-icon-svg e-eicon-chevron-left" viewBox="0 0 1000 1000" xmlns="http://www.w3.org/2000/svg"><path d="M646 125C629 125 613 133 604 142L308 442C296 454 292 471 292 487 292 504 296 521 308 533L604 854C617 867 629 875 646 875 663 875 679 871 692 858 704 846 713 829 713 812 713 796 708 779 692 767L438 487 692 225C700 217 708 204 708 187 708 171 704 154 692 142 675 129 663 125 646 125Z"></path></svg>					</div>
					<div class="elementor-swiper-button elementor-swiper-button-next" role="button" tabindex="0">
						<svg aria-hidden="true" class="e-font-icon-svg e-eicon-chevron-right" viewBox="0 0 1000 1000" xmlns="http://www.w3.org/2000/svg"><path d="M696 533C708 521 713 504 713 487 713 471 708 454 696 446L400 146C388 133 375 125 354 125 338 125 325 129 313 142 300 154 292 171 292 187 292 204 296 221 308 233L563 492 304 771C292 783 288 800 288 817 288 833 296 850 308 863 321 871 338 875 354 875 371 875 388 867 400 854L696 533Z"></path></svg>					</div>
				
									<div class="swiper-pagination"></div>
									</div>
						</div>
				</div>
					</div>
		</div>
					</div>
		</section>
				</div>

<p>Leticia del Rosario Profesor Eméritus 1973-74 Certificación Núm. 93 (1973-74) Consejo de Educación Superior Experiencia profesional 1935-40  Maestra de Escuela Superior (Mayagüez y San Juan) 1941-47  Instructora Facultades de Pedagogía y Ciencias Naturales en Recinto de Río Piedras Verano Verano-1943  &hellip; </p>
