{"id":9087,"date":"2022-06-02T19:03:38","date_gmt":"2022-06-02T19:03:38","guid":{"rendered":"https:\/\/www.uprrp.edu\/oca\/?page_id=9087"},"modified":"2022-12-21T15:55:38","modified_gmt":"2022-12-21T15:55:38","slug":"auditorias","status":"publish","type":"page","link":"https:\/\/www.uprrp.edu\/oca\/auditorias\/","title":{"rendered":"Auditor\u00edas"},"content":{"rendered":"\t\t<div data-elementor-type=\"wp-page\" data-elementor-id=\"9087\" class=\"elementor elementor-9087\">\n\t\t\t\t\t\t<section class=\"elementor-section elementor-top-section elementor-element elementor-element-2faa87f8 elementor-section-boxed elementor-section-height-default elementor-section-height-default\" data-id=\"2faa87f8\" data-element_type=\"section\" data-e-type=\"section\">\n\t\t\t\t\t\t<div class=\"elementor-container elementor-column-gap-default\">\n\t\t\t\t\t<div class=\"elementor-column elementor-col-100 elementor-top-column elementor-element elementor-element-156d9d46\" data-id=\"156d9d46\" data-element_type=\"column\" data-e-type=\"column\">\n\t\t\t<div class=\"elementor-widget-wrap elementor-element-populated\">\n\t\t\t\t\t\t<div class=\"elementor-element elementor-element-1371ee5 elementor-widget elementor-widget-text-editor\" data-id=\"1371ee5\" data-element_type=\"widget\" data-e-type=\"widget\" data-widget_type=\"text-editor.default\">\n\t\t\t\t<div class=\"elementor-widget-container\">\n\t\t\t\t\t\t\t\t\t<h4 style=\"text-align: center\">La\u00a0<strong>Certificaci\u00f3n 101 (2009-2010)<\/strong>\u00a0<u>Procedimiento para dar Seguimiento y Cumplir con las Disposiciones de Ley y de Reglamento en Relaci\u00f3n con los Informes de Auditor\u00edas a la Universidad de\u00a0 Puerto Rico por la Oficina del Contralor de Puerto Rico, la Oficina de Auditor\u00eda Interna de la Junta de S\u00edndicos y los Auditores Externos<\/u>, en el Art\u00edculo 4, inciso A-2, dispone, entre otras cosas que:\u00a0<em>\u201cRequerir\u00e1 a la Gerencia de cada unidad institucional la designaci\u00f3n de un funcionario como Coordinador de Auditor\u00edas para que coordine todo lo relacionado con las Auditor\u00edas de la OCPR, la OAI y los auditores externos.\u201d<\/em><\/h4>\t\t\t\t\t\t\t\t<\/div>\n\t\t\t\t<\/div>\n\t\t\t\t<div class=\"elementor-element elementor-element-7aece614 elementor-widget elementor-widget-text-editor\" data-id=\"7aece614\" data-element_type=\"widget\" data-e-type=\"widget\" data-widget_type=\"text-editor.default\">\n\t\t\t\t<div class=\"elementor-widget-container\">\n\t\t\t\t\t\t\t\t\t<p><span>A tenor con tal designaci\u00f3n, la Coordinadora de Auditor\u00edas del Recinto de R\u00edo Piedras da seguimiento peri\u00f3dico a los funcionarios o empleados de las unidades responsables de atender las recomendaciones dirigidas a subsanar las deficiencias se\u00f1aladas en los informes de auditor\u00edas internas o externas.\u00a0 Esto, para que, dentro de las fechas l\u00edmites, establecidas por la Oficina del Contralor de Puerto Rico (OCPR) o por la Oficina de Auditor\u00eda Interna (OAI), entreguen: los borradores de los Planes de Acci\u00f3n Correctiva (PAC) e Informes de Acci\u00f3n correctiva (IAC); y, cualquier otra informaci\u00f3n, valores, documentos y\/o propiedades solicitadas por los auditores.\u00a0 Dichos seguimientos se realizan inicialmente por correo electr\u00f3nico o carta formal, en caso de que no se reciba la informaci\u00f3n en la fecha solicitada, se les env\u00eda recordatorios por los mecanismos antes mencionados y\/o v\u00eda telef\u00f3nica.<\/span><\/p><p><span>Los seguimientos peri\u00f3dicos son de suma importancia puesto que los mismos redundan en beneficio del Recinto para mejorar las operaciones y la administraci\u00f3n de sus recursos econ\u00f3micos y humanos.\u00a0 Esta tarea impacta las operaciones del Recinto y puede incidir en la labor docente, de investigaci\u00f3n o administrativa, dependiendo de la unidad que haya sido objeto de una auditor\u00eda.\u00a0 La oportuna implementaci\u00f3n de las medidas correctivas recomendadas por los auditores ayuda significativamente a la gerencia a mejorar la efectividad y eficiencia de las operaciones del Recinto y en la mitigaci\u00f3n de riesgos potenciales que podr\u00edan afectar sus operaciones.\u00a0 Adem\u00e1s, a trav\u00e9s de los seguimientos, asistimos a la gerencia en la identificaci\u00f3n de oportunidades de cambio para el mejoramiento de la calidad de los procesos que se llevan a cabo en la prestaci\u00f3n de los servicios de apoyo tanto al personal universitario como a la comunidad universitaria.<\/span><\/p>\t\t\t\t\t\t\t\t<\/div>\n\t\t\t\t<\/div>\n\t\t\t\t\t<\/div>\n\t\t<\/div>\n\t\t\t\t\t<\/div>\n\t\t<\/section>\n\t\t\t\t<section class=\"elementor-section elementor-top-section elementor-element elementor-element-d1c80dd elementor-section-boxed elementor-section-height-default elementor-section-height-default\" data-id=\"d1c80dd\" data-element_type=\"section\" data-e-type=\"section\">\n\t\t\t\t\t\t<div class=\"elementor-container elementor-column-gap-default\">\n\t\t\t\t\t<div class=\"elementor-column elementor-col-100 elementor-top-column elementor-element elementor-element-4587fe6\" data-id=\"4587fe6\" data-element_type=\"column\" data-e-type=\"column\">\n\t\t\t<div class=\"elementor-widget-wrap elementor-element-populated\">\n\t\t\t\t\t\t<div class=\"elementor-element elementor-element-b628f90 elementor-widget elementor-widget-heading\" data-id=\"b628f90\" data-element_type=\"widget\" data-e-type=\"widget\" data-widget_type=\"heading.default\">\n\t\t\t\t<div class=\"elementor-widget-container\">\n\t\t\t\t\t<h2 class=\"elementor-heading-title elementor-size-default\">Documentos de Referencia<\/h2>\t\t\t\t<\/div>\n\t\t\t\t<\/div>\n\t\t\t\t<div class=\"elementor-element elementor-element-1a11c57 elementor-widget elementor-widget-text-editor\" data-id=\"1a11c57\" data-element_type=\"widget\" data-e-type=\"widget\" data-widget_type=\"text-editor.default\">\n\t\t\t\t<div class=\"elementor-widget-container\">\n\t\t\t\t\t\t\t\t\t<ul><li><a href=\"https:\/\/www.uprrp.edu\/wp-content\/uploads\/2018\/09\/Certificacion-101-2009-2010-Procedimiento-para-Seguimientos-Informes-de-Auditor%C3%ADa.pdf\" target=\"_blank\" rel=\"noopener\">Certificacion 101 (2009-2010) Procedimiento para Seguimientos Informes de Auditor\u00eda<\/a><\/li><li><a href=\"https:\/\/www.uprrp.edu\/wp-content\/uploads\/2018\/09\/Formulario-IAC-OAI-versi%C3%B3n-Ene-2010.doc\" target=\"_blank\" rel=\"noopener\">Formulario IAC (OAI) (versi\u00f3n Ene 2010)<\/a><\/li><li><a href=\"https:\/\/www.uprrp.edu\/wp-content\/uploads\/2018\/09\/Formulario-Info-Confidencial-a-OAI-jun-2015.pdf\" target=\"_blank\" rel=\"noopener\">Formulario Info Confidencial a OAI (jun 2015)<\/a><\/li><li><a href=\"https:\/\/www.uprrp.edu\/wp-content\/uploads\/2018\/09\/Formulario-PAC-e-ICP-OCPR-rev-nov-2016.doc\" target=\"_blank\" rel=\"noopener\">Formulario PAC e ICP OCPR (rev-nov-2016)<\/a><\/li><li><a href=\"https:\/\/www.uprrp.edu\/wp-content\/uploads\/2018\/09\/Formulario-Solicitud-de-Pr%C3%B3rroga-OAI.pdf\" target=\"_blank\" rel=\"noopener\">Formulario Solicitud de Pr\u00f3rroga OAI<\/a><\/li><\/ul>\t\t\t\t\t\t\t\t<\/div>\n\t\t\t\t<\/div>\n\t\t\t\t\t<\/div>\n\t\t<\/div>\n\t\t\t\t\t<\/div>\n\t\t<\/section>\n\t\t\t\t<section class=\"elementor-section elementor-top-section elementor-element elementor-element-1937f8b elementor-section-boxed elementor-section-height-default elementor-section-height-default\" data-id=\"1937f8b\" data-element_type=\"section\" data-e-type=\"section\">\n\t\t\t\t\t\t<div class=\"elementor-container elementor-column-gap-default\">\n\t\t\t\t\t<div class=\"elementor-column elementor-col-100 elementor-top-column elementor-element elementor-element-0938ea0\" data-id=\"0938ea0\" data-element_type=\"column\" data-e-type=\"column\">\n\t\t\t<div class=\"elementor-widget-wrap elementor-element-populated\">\n\t\t\t\t\t\t<div class=\"elementor-element elementor-element-baea032 elementor-widget elementor-widget-spacer\" data-id=\"baea032\" data-element_type=\"widget\" data-e-type=\"widget\" data-widget_type=\"spacer.default\">\n\t\t\t\t<div class=\"elementor-widget-container\">\n\t\t\t\t\t\t\t<div class=\"elementor-spacer\">\n\t\t\t<div class=\"elementor-spacer-inner\"><\/div>\n\t\t<\/div>\n\t\t\t\t\t\t<\/div>\n\t\t\t\t<\/div>\n\t\t\t\t<div class=\"elementor-element elementor-element-e45ebf8 elementor-widget elementor-widget-heading\" data-id=\"e45ebf8\" data-element_type=\"widget\" data-e-type=\"widget\" data-widget_type=\"heading.default\">\n\t\t\t\t<div class=\"elementor-widget-container\">\n\t\t\t\t\t<h2 class=\"elementor-heading-title elementor-size-default\">CONTACTO<\/h2>\t\t\t\t<\/div>\n\t\t\t\t<\/div>\n\t\t\t\t<div class=\"elementor-element elementor-element-e851610 elementor-widget elementor-widget-text-editor\" data-id=\"e851610\" data-element_type=\"widget\" data-e-type=\"widget\" data-widget_type=\"text-editor.default\">\n\t\t\t\t<div class=\"elementor-widget-container\">\n\t\t\t\t\t\t\t\t\t<h4>Sra. Wanda L. Cruz Rodr\u00edguez<\/h4><p><strong>Coordinadora de Auditor\u00edas<\/strong><br \/><a title=\"mailto:coordaud.rrp@upr.edu\" href=\"mailto:coordaud.rrp@upr.edu\" target=\"_blank\" rel=\"noopener\">coordaud.rrp@upr.edu<\/a><br \/><a title=\"mailto:sonia.ortiz5@upr.edu\" href=\"mailto:sonia.ortiz5@upr.edu\" target=\"_blank\" rel=\"noopener\">wanda.cruz4@upr.edu<\/a><br \/>Tel. 787-764-0000 Ext. 83275<\/p>\t\t\t\t\t\t\t\t<\/div>\n\t\t\t\t<\/div>\n\t\t\t\t\t<\/div>\n\t\t<\/div>\n\t\t\t\t\t<\/div>\n\t\t<\/section>\n\t\t\t\t<\/div>\n\t\t","protected":false},"excerpt":{"rendered":"<p>La\u00a0Certificaci\u00f3n 101 (2009-2010)\u00a0Procedimiento para dar Seguimiento y Cumplir con las Disposiciones de Ley y de Reglamento en Relaci\u00f3n con los Informes de Auditor\u00edas a la Universidad de\u00a0 Puerto Rico por la Oficina del Contralor de Puerto Rico, la Oficina de &hellip; <\/p>\n","protected":false},"author":35,"featured_media":0,"parent":0,"menu_order":0,"comment_status":"closed","ping_status":"closed","template":"","meta":{"_monsterinsights_skip_tracking":false,"_monsterinsights_sitenote_active":false,"_monsterinsights_sitenote_note":"","_monsterinsights_sitenote_category":0,"_FSMCFIC_featured_image_caption":"","_FSMCFIC_featured_image_nocaption":null,"_FSMCFIC_featured_image_hide":null,"footnotes":""},"class_list":["post-9087","page","type-page","status-publish","hentry"],"_links":{"self":[{"href":"https:\/\/www.uprrp.edu\/oca\/wp-json\/wp\/v2\/pages\/9087","targetHints":{"allow":["GET"]}}],"collection":[{"href":"https:\/\/www.uprrp.edu\/oca\/wp-json\/wp\/v2\/pages"}],"about":[{"href":"https:\/\/www.uprrp.edu\/oca\/wp-json\/wp\/v2\/types\/page"}],"author":[{"embeddable":true,"href":"https:\/\/www.uprrp.edu\/oca\/wp-json\/wp\/v2\/users\/35"}],"replies":[{"embeddable":true,"href":"https:\/\/www.uprrp.edu\/oca\/wp-json\/wp\/v2\/comments?post=9087"}],"version-history":[{"count":17,"href":"https:\/\/www.uprrp.edu\/oca\/wp-json\/wp\/v2\/pages\/9087\/revisions"}],"predecessor-version":[{"id":9263,"href":"https:\/\/www.uprrp.edu\/oca\/wp-json\/wp\/v2\/pages\/9087\/revisions\/9263"}],"wp:attachment":[{"href":"https:\/\/www.uprrp.edu\/oca\/wp-json\/wp\/v2\/media?parent=9087"}],"curies":[{"name":"wp","href":"https:\/\/api.w.org\/{rel}","templated":true}]}}