{"id":9099,"date":"2022-08-08T15:06:26","date_gmt":"2022-08-08T15:06:26","guid":{"rendered":"https:\/\/www.uprrp.edu\/oficina-registrador\/?page_id=9099"},"modified":"2026-04-30T16:57:07","modified_gmt":"2026-04-30T16:57:07","slug":"cursos","status":"publish","type":"page","link":"https:\/\/www.uprrp.edu\/oficina-registrador\/cursos\/","title":{"rendered":"Cursos"},"content":{"rendered":"\t\t<div data-elementor-type=\"wp-page\" data-elementor-id=\"9099\" class=\"elementor elementor-9099\">\n\t\t\t\t\t\t<section class=\"elementor-section elementor-top-section elementor-element elementor-element-ec32665 elementor-section-boxed elementor-section-height-default elementor-section-height-default\" data-id=\"ec32665\" data-element_type=\"section\" data-e-type=\"section\">\n\t\t\t\t\t\t<div class=\"elementor-container elementor-column-gap-default\">\n\t\t\t\t\t<div class=\"elementor-column elementor-col-100 elementor-top-column elementor-element elementor-element-ef68d26\" data-id=\"ef68d26\" data-element_type=\"column\" data-e-type=\"column\">\n\t\t\t<div class=\"elementor-widget-wrap elementor-element-populated\">\n\t\t\t\t\t\t<div class=\"elementor-element elementor-element-751d2a6 elementor-tabs-view-vertical elementor-widget elementor-widget-tabs\" data-id=\"751d2a6\" data-element_type=\"widget\" data-e-type=\"widget\" data-widget_type=\"tabs.default\">\n\t\t\t\t<div class=\"elementor-widget-container\">\n\t\t\t\t\t\t\t<div class=\"elementor-tabs\">\n\t\t\t<div class=\"elementor-tabs-wrapper\" role=\"tablist\" >\n\t\t\t\t\t\t\t\t\t<div id=\"elementor-tab-title-1221\" class=\"elementor-tab-title elementor-tab-desktop-title\" aria-selected=\"true\" data-tab=\"1\" role=\"tab\" tabindex=\"0\" aria-controls=\"elementor-tab-content-1221\" aria-expanded=\"false\">Horario de Cursos<\/div>\n\t\t\t\t\t\t\t\t\t<div id=\"elementor-tab-title-1222\" class=\"elementor-tab-title elementor-tab-desktop-title\" aria-selected=\"false\" data-tab=\"2\" role=\"tab\" tabindex=\"-1\" aria-controls=\"elementor-tab-content-1222\" aria-expanded=\"false\">Turnos de Prematr\u00edcula<\/div>\n\t\t\t\t\t\t\t\t\t<div id=\"elementor-tab-title-1223\" class=\"elementor-tab-title elementor-tab-desktop-title\" aria-selected=\"false\" data-tab=\"3\" role=\"tab\" tabindex=\"-1\" aria-controls=\"elementor-tab-content-1223\" aria-expanded=\"false\">Instrucciones para la Selecci\u00f3n de Cursos<\/div>\n\t\t\t\t\t\t\t\t\t<div id=\"elementor-tab-title-1224\" class=\"elementor-tab-title elementor-tab-desktop-title\" aria-selected=\"false\" data-tab=\"4\" role=\"tab\" tabindex=\"-1\" aria-controls=\"elementor-tab-content-1224\" aria-expanded=\"false\">Bajas Totales y Parciales<\/div>\n\t\t\t\t\t\t\t\t\t<div id=\"elementor-tab-title-1225\" class=\"elementor-tab-title elementor-tab-desktop-title\" aria-selected=\"false\" data-tab=\"5\" role=\"tab\" tabindex=\"-1\" aria-controls=\"elementor-tab-content-1225\" aria-expanded=\"false\">Itinerario de Ex\u00e1menes Finales<\/div>\n\t\t\t\t\t\t\t\t\t<div id=\"elementor-tab-title-1226\" class=\"elementor-tab-title elementor-tab-desktop-title\" aria-selected=\"false\" data-tab=\"6\" role=\"tab\" tabindex=\"-1\" aria-controls=\"elementor-tab-content-1226\" aria-expanded=\"false\">Confirmaci\u00f3n de Matr\u00edcula<\/div>\n\t\t\t\t\t\t\t\t\t<div id=\"elementor-tab-title-1227\" class=\"elementor-tab-title elementor-tab-desktop-title\" aria-selected=\"false\" data-tab=\"7\" role=\"tab\" tabindex=\"-1\" aria-controls=\"elementor-tab-content-1227\" aria-expanded=\"false\">Cat\u00e1logo Subgraduado<\/div>\n\t\t\t\t\t\t\t\t\t<div id=\"elementor-tab-title-1228\" class=\"elementor-tab-title elementor-tab-desktop-title\" aria-selected=\"false\" data-tab=\"8\" role=\"tab\" tabindex=\"-1\" aria-controls=\"elementor-tab-content-1228\" aria-expanded=\"false\">Cat\u00e1logo Graduado<\/div>\n\t\t\t\t\t\t\t<\/div>\n\t\t\t<div class=\"elementor-tabs-content-wrapper\" role=\"tablist\" aria-orientation=\"vertical\">\n\t\t\t\t\t\t\t\t\t<div class=\"elementor-tab-title elementor-tab-mobile-title\" aria-selected=\"true\" data-tab=\"1\" role=\"tab\" tabindex=\"0\" aria-controls=\"elementor-tab-content-1221\" aria-expanded=\"false\">Horario de Cursos<\/div>\n\t\t\t\t\t<div id=\"elementor-tab-content-1221\" class=\"elementor-tab-content elementor-clearfix\" data-tab=\"1\" role=\"tabpanel\" aria-labelledby=\"elementor-tab-title-1221\" tabindex=\"0\" hidden=\"false\"><h3>Oferta acad\u00e9mica: P<span data-olk-copy-source=\"MessageBody\">rimer Semestre 2026-2027<\/span><\/h3><ul><li><a href=\"https:\/\/miupi.uprrp.edu\/horarios\/RBA120_AA.HTML\" target=\"_blank\" rel=\"noopener noreferrer\">Asuntos Acad\u00e9micos<\/a><\/li><li><a href=\"https:\/\/miupi.uprrp.edu\/horarios\/RBA120_AE.HTML\" target=\"_blank\" rel=\"noopener noreferrer\">Administraci\u00f3n de Empresas<\/a><\/li><li><a href=\"https:\/\/miupi.uprrp.edu\/horarios\/RBA120_AE2.HTML\" target=\"_blank\" rel=\"noopener noreferrer\">Administraci\u00f3n de Empresas Graduado<\/a><\/li><li><a href=\"https:\/\/miupi.uprrp.edu\/horarios\/RBA120_AQ.HTML\" target=\"_blank\" rel=\"noopener noreferrer\">Arquitectura<\/a><\/li><li><a href=\"https:\/\/miupi.uprrp.edu\/horarios\/RBA120_AQ2.HTML\" target=\"_blank\" rel=\"noopener noreferrer\">Arquitectura Graduado<\/a><\/li><li><a href=\"https:\/\/miupi.uprrp.edu\/horarios\/RBA120_CB.HTML\" target=\"_blank\" rel=\"noopener noreferrer\">Escuela Graduada de Ciencias y Tecnolog\u00edas de la Informaci\u00f3n<\/a><\/li><li><a href=\"https:\/\/miupi.uprrp.edu\/horarios\/RBA120_CM.HTML\" target=\"_blank\" rel=\"noopener noreferrer\">Ciencias Militares<\/a><\/li><li><a href=\"https:\/\/miupi.uprrp.edu\/horarios\/RBA120_CN.HTML\" target=\"_blank\" rel=\"noopener noreferrer\">Ciencias Naturales<\/a><\/li><li><a href=\"https:\/\/miupi.uprrp.edu\/horarios\/RBA120_CN2.HTML\" target=\"_blank\" rel=\"noopener noreferrer\">Ciencias Naturales Graduado<\/a><\/li><li><a href=\"https:\/\/miupi.uprrp.edu\/horarios\/RBA120_CP.HTML\" target=\"_blank\" rel=\"noopener noreferrer\">Escuela de Comunicaci\u00f3n<\/a><\/li><li><a href=\"https:\/\/miupi.uprrp.edu\/horarios\/RBA120_CP2.HTML\" target=\"_blank\" rel=\"noopener noreferrer\">Escuela de Comunicaci\u00f3n Graduada<\/a><\/li><li><a href=\"https:\/\/miupi.uprrp.edu\/horarios\/RBA120_CS.HTML\" target=\"_blank\" rel=\"noopener noreferrer\">Ciencias Sociales<\/a><\/li><li><a href=\"https:\/\/miupi.uprrp.edu\/horarios\/RBA120_CS2.HTML\" target=\"_blank\" rel=\"noopener noreferrer\">Ciencias Sociales Graduado<\/a><\/li><li><a href=\"https:\/\/miupi.uprrp.edu\/horarios\/RBA120_DE.HTML\" target=\"_blank\" rel=\"noopener noreferrer\">Escuela de Derecho<\/a><\/li><li><a href=\"https:\/\/miupi.uprrp.edu\/horarios\/RBA120_ED.HTML\" target=\"_blank\" rel=\"noopener noreferrer\">Educaci\u00f3n<\/a><\/li><li><a href=\"https:\/\/miupi.uprrp.edu\/horarios\/RBA120_ED2.HTML\" target=\"_blank\" rel=\"noopener noreferrer\">Educaci\u00f3n Graduado<\/a><\/li><li><a href=\"https:\/\/miupi.uprrp.edu\/horarios\/RBA120_EG.HTML\" target=\"_blank\" rel=\"noopener noreferrer\">Estudios Generales<\/a><\/li><li><a href=\"https:\/\/miupi.uprrp.edu\/horarios\/RBA120_HU.HTML\" target=\"_blank\" rel=\"noopener noreferrer\">Humanidades<\/a><\/li><li><a href=\"https:\/\/miupi.uprrp.edu\/horarios\/RBA120_HU2.HTML\" target=\"_blank\" rel=\"noopener noreferrer\">Humanidades Graduado<\/a><\/li><li><a href=\"https:\/\/miupi.uprrp.edu\/horarios\/RBA120_PL.HTML\" target=\"_blank\" rel=\"noopener noreferrer\">Planificaci\u00f3n<\/a><\/li><li><a href=\"https:\/\/miupi.uprrp.edu\/horarios\/RBA120_ED.HTML\" target=\"_blank\" rel=\"noopener noreferrer\">Educaci\u00f3n Continua<\/a><\/li><\/ul><\/div>\n\t\t\t\t\t\t\t\t\t<div class=\"elementor-tab-title elementor-tab-mobile-title\" aria-selected=\"false\" data-tab=\"2\" role=\"tab\" tabindex=\"-1\" aria-controls=\"elementor-tab-content-1222\" aria-expanded=\"false\">Turnos de Prematr\u00edcula<\/div>\n\t\t\t\t\t<div id=\"elementor-tab-content-1222\" class=\"elementor-tab-content elementor-clearfix\" data-tab=\"2\" role=\"tabpanel\" aria-labelledby=\"elementor-tab-title-1222\" tabindex=\"0\" hidden=\"hidden\"><p><a href=\"https:\/\/www.uprrp.edu\/wp-content\/uploads\/2026\/04\/Distribucion-turnos-de-prematricula-C61.pdf\" target=\"_blank\" rel=\"noopener\">DISTRIBUCI\u00d3N DE TURNOS PARA EL PROCESO DE PREMATR\u00cdCULA PRIMER SEMESTRE 2026-2027<\/a><\/p><\/div>\n\t\t\t\t\t\t\t\t\t<div class=\"elementor-tab-title elementor-tab-mobile-title\" aria-selected=\"false\" data-tab=\"3\" role=\"tab\" tabindex=\"-1\" aria-controls=\"elementor-tab-content-1223\" aria-expanded=\"false\">Instrucciones para la Selecci\u00f3n de Cursos<\/div>\n\t\t\t\t\t<div id=\"elementor-tab-content-1223\" class=\"elementor-tab-content elementor-clearfix\" data-tab=\"3\" role=\"tabpanel\" aria-labelledby=\"elementor-tab-title-1223\" tabindex=\"0\" hidden=\"hidden\"><p><a href=\"https:\/\/www.uprrp.edu\/wp-content\/uploads\/2026\/04\/INSTRUCCIONES-SELECCION-DE-CURSOS-PRIMER-SEMESTRE-2026-2027-REV-29.04.2026-ENM.pdf\" target=\"_blank\">Instrucciones para Selecci\u00f3n de Cursos PRIMER SEMESTRE 2026-2027<\/a><br><\/p><\/div>\n\t\t\t\t\t\t\t\t\t<div class=\"elementor-tab-title elementor-tab-mobile-title\" aria-selected=\"false\" data-tab=\"4\" role=\"tab\" tabindex=\"-1\" aria-controls=\"elementor-tab-content-1224\" aria-expanded=\"false\">Bajas Totales y Parciales<\/div>\n\t\t\t\t\t<div id=\"elementor-tab-content-1224\" class=\"elementor-tab-content elementor-clearfix\" data-tab=\"4\" role=\"tabpanel\" aria-labelledby=\"elementor-tab-title-1224\" tabindex=\"0\" hidden=\"hidden\"><div class=\"elementor-element elementor-element-2ebf7ce elementor-widget elementor-widget-text-editor\" data-id=\"2ebf7ce\" data-element_type=\"widget\" data-widget_type=\"text-editor.default\"><div class=\"elementor-widget-container\"><div class=\"elementor-text-editor elementor-clearfix\"><div class=\"entry-content\"><h4><b><span lang=\"es-PR\">INSTRUCCIONES <\/span><span lang=\"es-PR\"><span class=\"x_markb44vig8mg\" data-markjs=\"true\" data-ogac=\"\" data-ogab=\"\" data-ogsb=\"\">BAJAS\u00a0<\/span><\/span><span lang=\"es-PR\">PARCIALES<\/span><span lang=\"es-PR\">\u00a0Y TOTALES POR EL PORTAL NEXT\u00a0<\/span><\/b><\/h4><div><p><span lang=\"es-PR\">Los procesos de <\/span><span lang=\"es-PR\"><span class=\"x_markb44vig8mg\" data-markjs=\"true\" data-ogac=\"\" data-ogab=\"\" data-ogsb=\"\">bajas <\/span><\/span><span lang=\"es-PR\">totales y <\/span><span lang=\"es-PR\"><span class=\"x_markb44vig8mg\" data-markjs=\"true\" data-ogac=\"\" data-ogab=\"\" data-ogsb=\"\">bajas <\/span><\/span><span lang=\"es-PR\">parciales se realizan a trav\u00e9s del Portal Next (<\/span><span lang=\"es-PR\"><a title=\"Original URL: https:\/\/portal.upr.edu\/. Click or tap if you trust this link.\" href=\"https:\/\/nam02.safelinks.protection.outlook.com\/?url=https%3A%2F%2Fportal.upr.edu%2F&amp;data=05%7C01%7Cwilmarie.santiago2%40upr.edu%7C64c038eaa05d4536730708da843ae399%7C0dfa5dc0036f461599e494af822f2b84%7C0%7C0%7C637967685708271779%7CUnknown%7CTWFpbGZsb3d8eyJWIjoiMC4wLjAwMDAiLCJQIjoiV2luMzIiLCJBTiI6Ik1haWwiLCJXVCI6Mn0%3D%7C3000%7C%7C%7C&amp;sdata=85YU30btBrg84FRSpMAQumONLXP4dLmXOwDOe3pOkAI%3D&amp;reserved=0\" target=\"_blank\" rel=\"noopener noreferrer\" data-auth=\"Verified\" data-linkindex=\"3\">https:\/\/portal.upr.edu<\/a><\/span><span lang=\"es-PR\">) con el siguiente calendario.\u00a0\u00a0<\/span><\/p><\/div><\/div><div class=\"entry-content\"><div><div>\u00a0<\/div><\/div><\/div><div class=\"entry-content\"><div><div><span style=\"text-decoration: underline;\"><em><b>SEGUNDO\u00a0 SEMESTRE 2025-2026 &#8211; 2025S2 &#8211; C52:<\/b><\/em><\/span><\/div><div>\u00a0<\/div><div><p><b>BAJAS PARCIALES<\/b><\/p><p><strong>CURSOS SUBGRADUADOS:<\/strong><\/p><ul><li><strong>viernes, 23 de enero al martes, 24 de marzo de 2026 hasta las 4:30 pm.<\/strong><\/li><li>Diariamente, el <strong>Sistema Estudiantil (SIE)<\/strong> no opera durante el horario de mantenimiento por lo que debe solitar la baja parcial solamente en horario de 8:00 am a 4:30 pm en d\u00edas laborables durante el per\u00edodo ya informado. No se aceptar\u00e1n m\u00e1s bajas parciales subgraduadas luego de la fecha l\u00edmite del 24 de marzo de 2026 a las 4:30 pm.\u00a0<\/li><\/ul><p><strong>CURSOS GRADUADOS:<\/strong><\/p><ul><li><strong>viernes, 23 de enero al viernes, 8 de mayo de 2026 hasta las 4:30 pm.<\/strong><\/li><li>Diariamente, el <strong>Sistema Estudiantil (SIE)<\/strong> no opera durante el horario de mantenimiento por lo que debe solitar la baja solamente en horario de 8:00 am a 4:30 pm en d\u00edas laborables durante el per\u00edodo ya informado. No se aceptar\u00e1n m\u00e1s bajas parciales graduadas luego de la fecha l\u00edmite del 8 de mayo de 2026 a las 4:30 pm.\u00a0<\/li><\/ul><\/div><\/div><div><p><a href=\"https:\/\/www.uprrp.edu\/oficina-registrador\/wp-content\/uploads\/sites\/17\/2022\/08\/MANUAL-BAJAS-PARCIALES-ESTUDIANTE.pdf\" target=\"_blank\" rel=\"noopener\">Manual de Bajas Parciales para Estudiantes<\/a><\/p><\/div><div>\u00a0<\/div><div><div><b>BAJAS TOTALES:<\/b><\/div><\/div><div>\u00a0<\/div><div><strong>CURSOS GRADUADOS Y SUBGRADUADOS:<\/strong><\/div><div>\u00a0<\/div><\/div><div><ul><li><strong>viernes, 23 de enero al viernes, 8 de mayo de 2026 hasta las 4:30 pm.<\/strong><\/li><\/ul><\/div><div class=\"entry-content\"><div><ul><li>Diariamente, el <strong>Sistema Estudiantil (SIE)<\/strong> no opera durante el horario de mantenimiento por lo que debe solitar la baja solamente en horario de 8:00 am a 4:30 pm en d\u00edas laborables durante el per\u00edodo ya informado. No se aceptar\u00e1n m\u00e1s bajas totales y parciales subgraduadas y graduadas luego de la fecha l\u00edmite del 8 de mayo de 2026 a las 4:30 pm.\u00a0<\/li><\/ul><\/div><div><p><a href=\"https:\/\/www.uprrp.edu\/oficina-registrador\/wp-content\/uploads\/sites\/17\/2022\/08\/MANUAL-BAJAS-TOTALES-ESTUDIANTE.pdf\" target=\"_blank\" rel=\"noopener\">Manual de Bajas Totales para Estudiantes<\/a><\/p><p>___________________________________________________________________________________________________________<\/p><\/div><div><span style=\"text-decoration: underline;\"><em><b>SEGUNDO TRIMESTRE 2025-2026 &#8211; 2025T2 &#8211; C5X:<\/b><\/em><\/span><\/div><div>\u00a0<\/div><div><p><b>BAJAS PARCIALES Y TOTALES:<\/b><\/p><ul><li><strong>mi\u00e9rcoles, 10 de diciembre de 2025 al s\u00e1bado, 21 de febrero de 2026 hasta las 4:30 p.m<\/strong><\/li><li>Diariamente, el <strong>Sistema Estudiantil (SIE)<\/strong> no opera durante el horario de mantenimiento por lo que debe solitar la baja solamente en horario de 8:00 am a 4:30 pm en d\u00edas laborables durante el per\u00edodo ya informado. No se aceptar\u00e1n m\u00e1s bajas parciales luego de la fecha l\u00edmite del s\u00e1bado, 21 de febrero de 2026 a las 4:30 pm.\u00a0<\/li><\/ul><\/div><\/div><\/div><\/div><\/div><\/div>\n\t\t\t\t\t\t\t\t\t<div class=\"elementor-tab-title elementor-tab-mobile-title\" aria-selected=\"false\" data-tab=\"5\" role=\"tab\" tabindex=\"-1\" aria-controls=\"elementor-tab-content-1225\" aria-expanded=\"false\">Itinerario de Ex\u00e1menes Finales<\/div>\n\t\t\t\t\t<div id=\"elementor-tab-content-1225\" class=\"elementor-tab-content elementor-clearfix\" data-tab=\"5\" role=\"tabpanel\" aria-labelledby=\"elementor-tab-title-1225\" tabindex=\"0\" hidden=\"hidden\"><p><a href=\"https:\/\/www.uprrp.edu\/wp-content\/uploads\/2026\/04\/ITINERARIO-EXAMENES-FINALES-2025-26-SEGUNDO-SEMESTRE.pdf\">Ex\u00e1menes Finales<\/a> (Segundo Semestre 2025-2026)<\/p><\/div>\n\t\t\t\t\t\t\t\t\t<div class=\"elementor-tab-title elementor-tab-mobile-title\" aria-selected=\"false\" data-tab=\"6\" role=\"tab\" tabindex=\"-1\" aria-controls=\"elementor-tab-content-1226\" aria-expanded=\"false\">Confirmaci\u00f3n de Matr\u00edcula<\/div>\n\t\t\t\t\t<div id=\"elementor-tab-content-1226\" class=\"elementor-tab-content elementor-clearfix\" data-tab=\"6\" role=\"tabpanel\" aria-labelledby=\"elementor-tab-title-1226\" tabindex=\"0\" hidden=\"hidden\"><p>Acceda a <a href=\"https:\/\/miupi.uprrp.edu\/\" target=\"_blank\" rel=\"noopener\">MiUPI<\/a><\/p><p><a href=\"https:\/\/www.uprrp.edu\/oficina-registrador\/wp-content\/uploads\/sites\/17\/2022\/12\/113022-Instrucciones-para-confirmacion-de-matricula-C22.pdf\">Instrucciones para la confirmaci\u00f3n de matr\u00edcula por la pantalla 11M de\u00a0 PUTTY y por MIUPI\u00a0<\/a><\/p><\/div>\n\t\t\t\t\t\t\t\t\t<div class=\"elementor-tab-title elementor-tab-mobile-title\" aria-selected=\"false\" data-tab=\"7\" role=\"tab\" tabindex=\"-1\" aria-controls=\"elementor-tab-content-1227\" aria-expanded=\"false\">Cat\u00e1logo Subgraduado<\/div>\n\t\t\t\t\t<div id=\"elementor-tab-content-1227\" class=\"elementor-tab-content elementor-clearfix\" data-tab=\"7\" role=\"tabpanel\" aria-labelledby=\"elementor-tab-title-1227\" tabindex=\"0\" hidden=\"hidden\"><div class=\"elementor-element elementor-element-f669be7 e-flex e-con-boxed e-con e-parent e-lazyloaded\" data-id=\"f669be7\" data-element_type=\"container\"><div class=\"e-con-inner\"><div class=\"elementor-element elementor-element-62a92c6 elementor-widget elementor-widget-heading\" data-id=\"62a92c6\" data-element_type=\"widget\" data-widget_type=\"heading.default\"><div class=\"elementor-widget-container\"><h2 class=\"elementor-heading-title elementor-size-default\">Cat\u00e1logos en pdf<\/h2><\/div><\/div><\/div><\/div><div class=\"elementor-element elementor-element-9b0f6c7 e-grid e-con-full e-con e-parent e-lazyloaded\" data-id=\"9b0f6c7\" data-element_type=\"container\"><div class=\"elementor-element elementor-element-2d9746b elementor-widget thim-widget-button\" data-id=\"2d9746b\" data-element_type=\"widget\" data-widget_type=\"thim-button.default\"><div class=\"elementor-widget-container\"><a class=\"widget-button normal\" href=\"https:\/\/www.uprrp.edu\/oficina-registrador\/wp-content\/uploads\/sites\/17\/2025\/02\/Catalogo-Subgraduado-ESP_2024-2025.pdf\" target=\"_blank\" rel=\"nofollow noopener\">Cat\u00e1logo Subgraduado<\/a><\/div><div>\u00a0<\/div><\/div><div class=\"elementor-element elementor-element-d0a3f70 elementor-widget thim-widget-button\" data-id=\"d0a3f70\" data-element_type=\"widget\" data-widget_type=\"thim-button.default\"><div class=\"elementor-widget-container\"><a class=\"widget-button normal\" href=\"https:\/\/www.uprrp.edu\/oficina-registrador\/wp-content\/uploads\/sites\/17\/2025\/02\/Catalogo-Subgraduado-ENG_2023-2024.pdf\" target=\"_blank\" rel=\"nofollow noopener\">Undergraduate Catalog<\/a><\/div><\/div><div class=\"elementor-element elementor-element-ea36256 elementor-widget thim-widget-button\" data-id=\"ea36256\" data-element_type=\"widget\" data-widget_type=\"thim-button.default\">\u00a0<\/div><\/div><\/div>\n\t\t\t\t\t\t\t\t\t<div class=\"elementor-tab-title elementor-tab-mobile-title\" aria-selected=\"false\" data-tab=\"8\" role=\"tab\" tabindex=\"-1\" aria-controls=\"elementor-tab-content-1228\" aria-expanded=\"false\">Cat\u00e1logo Graduado<\/div>\n\t\t\t\t\t<div id=\"elementor-tab-content-1228\" class=\"elementor-tab-content elementor-clearfix\" data-tab=\"8\" role=\"tabpanel\" aria-labelledby=\"elementor-tab-title-1228\" tabindex=\"0\" hidden=\"hidden\"><div class=\"elementor-element elementor-element-f669be7 e-flex e-con-boxed e-con e-parent e-lazyloaded\" data-id=\"f669be7\" data-element_type=\"container\"><div class=\"e-con-inner\"><div class=\"elementor-element elementor-element-62a92c6 elementor-widget elementor-widget-heading\" data-id=\"62a92c6\" data-element_type=\"widget\" data-widget_type=\"heading.default\"><div class=\"elementor-widget-container\"><h2 class=\"elementor-heading-title elementor-size-default\">Cat\u00e1logos en pdf<\/h2><\/div><\/div><\/div><\/div><div class=\"elementor-element elementor-element-9b0f6c7 e-grid e-con-full e-con e-parent e-lazyloaded\" data-id=\"9b0f6c7\" data-element_type=\"container\"><div class=\"elementor-element elementor-element-f502907 elementor-widget thim-widget-button\" data-id=\"f502907\" data-element_type=\"widget\" data-widget_type=\"thim-button.default\"><div class=\"elementor-widget-container\"><a class=\"widget-button normal\" href=\"https:\/\/www.uprrp.edu\/oficina-registrador\/wp-content\/uploads\/sites\/17\/2025\/02\/CATALOGO-GRADUADO-ESP_2024-2025_DEGI.pdf\" target=\"_blank\" rel=\"nofollow noopener\">Cat\u00e1logo Graduado<\/a><\/div><div>\u00a0<\/div><\/div><div class=\"elementor-element elementor-element-ea36256 elementor-widget thim-widget-button\" data-id=\"ea36256\" data-element_type=\"widget\" data-widget_type=\"thim-button.default\"><div class=\"elementor-widget-container\"><a class=\"widget-button normal\" href=\"https:\/\/www.uprrp.edu\/oficina-registrador\/wp-content\/uploads\/sites\/17\/2025\/02\/Catalogo-Graduado-ENG_2024-2025_DEGI.pdf\" target=\"_blank\" rel=\"nofollow noopener\">Graduate Catalog<\/a><\/div><\/div><\/div><\/div>\n\t\t\t\t\t\t\t<\/div>\n\t\t<\/div>\n\t\t\t\t\t\t<\/div>\n\t\t\t\t<\/div>\n\t\t\t\t\t<\/div>\n\t\t<\/div>\n\t\t\t\t\t<\/div>\n\t\t<\/section>\n\t\t\t\t<\/div>\n\t\t","protected":false},"excerpt":{"rendered":"<p>Horario de Cursos Turnos de Prematr\u00edcula Instrucciones para la Selecci\u00f3n de Cursos Bajas Totales y Parciales Itinerario de Ex\u00e1menes Finales Confirmaci\u00f3n de Matr\u00edcula Cat\u00e1logo Subgraduado Cat\u00e1logo Graduado Horario de Cursos Oferta acad\u00e9mica: Primer Semestre 2026-2027 Asuntos Acad\u00e9micos Administraci\u00f3n de Empresas &hellip; <\/p>\n","protected":false},"author":35,"featured_media":0,"parent":0,"menu_order":0,"comment_status":"closed","ping_status":"closed","template":"","meta":{"_monsterinsights_skip_tracking":false,"_monsterinsights_sitenote_active":false,"_monsterinsights_sitenote_note":"","_monsterinsights_sitenote_category":0,"_FSMCFIC_featured_image_caption":"","_FSMCFIC_featured_image_nocaption":null,"_FSMCFIC_featured_image_hide":null,"footnotes":""},"class_list":["post-9099","page","type-page","status-publish","hentry"],"_links":{"self":[{"href":"https:\/\/www.uprrp.edu\/oficina-registrador\/wp-json\/wp\/v2\/pages\/9099","targetHints":{"allow":["GET"]}}],"collection":[{"href":"https:\/\/www.uprrp.edu\/oficina-registrador\/wp-json\/wp\/v2\/pages"}],"about":[{"href":"https:\/\/www.uprrp.edu\/oficina-registrador\/wp-json\/wp\/v2\/types\/page"}],"author":[{"embeddable":true,"href":"https:\/\/www.uprrp.edu\/oficina-registrador\/wp-json\/wp\/v2\/users\/35"}],"replies":[{"embeddable":true,"href":"https:\/\/www.uprrp.edu\/oficina-registrador\/wp-json\/wp\/v2\/comments?post=9099"}],"version-history":[{"count":370,"href":"https:\/\/www.uprrp.edu\/oficina-registrador\/wp-json\/wp\/v2\/pages\/9099\/revisions"}],"predecessor-version":[{"id":12556,"href":"https:\/\/www.uprrp.edu\/oficina-registrador\/wp-json\/wp\/v2\/pages\/9099\/revisions\/12556"}],"wp:attachment":[{"href":"https:\/\/www.uprrp.edu\/oficina-registrador\/wp-json\/wp\/v2\/media?parent=9099"}],"curies":[{"name":"wp","href":"https:\/\/api.w.org\/{rel}","templated":true}]}}